(18276,'Se creo una nueva oferta','','{\"price_total\":\"0\",\"descuento\":\"15\",\"description\":\"-<b>15% de descuento<\\/b> en&nbsp;Instalaci\\u00f3n , mantenimiento y Reparaci\\u00f3n de todo tipo de electrodom\\u00e9sticos.-\",\"comercio_id\":\"738\",\"nombre\":\"MT Solutions\",\"fecha_tope_descuento\":\"2025\\/03\\/02\",\"active\":1,\"stock\":\"0\",\"link_map\":[{\"ubication\":\"Chorrera\",\"link\":\"\"}],\"prioridad\":\"3\",\"img_array_url\":[\"https:\\/\\/api.tarjetajovendiamante.com\\/storage\\/images\\/ofertas\\/2024_03_27\\/\\/TdI9iAWSUex9afkWhEEZ8TgzBFd4ZKP5maCvErEo.jpg\"],\"updated_at\":\"2024-03-27T15:54:21.000000Z\",\"created_at\":\"2024-03-27T15:54:21.000000Z\",\"id\":137}','2024-03-27 15:54:22','2024-03-27 15:54:22',615,'ofertas','137'),(18277,'Se creo una nueva oferta','','{\"price_total\":\"0\",\"descuento\":\"15\",\"description\":\"-<b>15% de descuento<\\/b> en&nbsp;Instalaci\\u00f3n , mantenimiento y Reparaci\\u00f3n de todo tipo de electrodom\\u00e9sticos.-\",\"comercio_id\":\"738\",\"nombre\":\"MT Solutions\",\"fecha_tope_descuento\":\"2025\\/03\\/02\",\"active\":1,\"stock\":\"0\",\"link_map\":[{\"ubication\":\"Chorrera\",\"link\":\"\"}],\"prioridad\":\"3\",\"img_array_url\":[\"https:\\/\\/api.tarjetajovendiamante.com\\/storage\\/images\\/ofertas\\/2024_03_27\\/\\/TdI9iAWSUex9afkWhEEZ8TgzBFd4ZKP5maCvErEo.jpg\"],\"updated_at\":\"2024-03-27T15:54:21.000000Z\",\"created_at\":\"2024-03-27T15:54:21.000000Z\",\"id\":137}','2024-03-27 15:54:22','2024-03-27 15:54:22',616,'ofertas','137'),(18278,'Se creo una nueva oferta','','{\"price_total\":\"0\",\"descuento\":\"15\",\"description\":\"-<b>15% de descuento<\\/b> en&nbsp;Instalaci\\u00f3n , mantenimiento y Reparaci\\u00f3n de todo tipo de electrodom\\u00e9sticos.-\",\"comercio_id\":\"738\",\"nombre\":\"MT Solutions\",\"fecha_tope_descuento\":\"2025\\/03\\/02\",\"active\":1,\"stock\":\"0\",\"link_map\":[{\"ubication\":\"Chorrera\",\"link\":\"\"}],\"prioridad\":\"3\",\"img_array_url\":[\"https:\\/\\/api.tarjetajovendiamante.com\\/storage\\/images\\/ofertas\\/2024_03_27\\/\\/TdI9iAWSUex9afkWhEEZ8TgzBFd4ZKP5maCvErEo.jpg\"],\"updated_at\":\"2024-03-27T15:54:21.000000Z\",\"created_at\":\"2024-03-27T15:54:21.000000Z\",\"id\":137}','2024-03-27 15:54:22','2024-03-27 15:54:22',617,'ofertas','137'),(18279,'Se creo una nueva oferta','','{\"price_total\":\"0\",\"descuento\":\"15\",\"description\":\"-<b>15% de descuento<\\/b> en&nbsp;Instalaci\\u00f3n , mantenimiento y Reparaci\\u00f3n de todo tipo de electrodom\\u00e9sticos.-\",\"comercio_id\":\"738\",\"nombre\":\"MT Solutions\",\"fecha_tope_descuento\":\"2025\\/03\\/02\",\"active\":1,\"stock\":\"0\",\"link_map\":[{\"ubication\":\"Chorrera\",\"link\":\"\"}],\"prioridad\":\"3\",\"img_array_url\":[\"https:\\/\\/api.tarjetajovendiamante.com\\/storage\\/images\\/ofertas\\/2024_03_27\\/\\/TdI9iAWSUex9afkWhEEZ8TgzBFd4ZKP5maCvErEo.jpg\"],\"updated_at\":\"2024-03-27T15:54:21.000000Z\",\"created_at\":\"2024-03-27T15:54:21.000000Z\",\"id\":137}','2024-03-27 15:54:22','2024-03-27 15:54:22',618,'ofertas','137'),(18280,'Se creo una nueva oferta','','{\"price_total\":\"0\",\"descuento\":\"15\",\"description\":\"-<b>15% de descuento<\\/b> en&nbsp;Instalaci\\u00f3n , mantenimiento y Reparaci\\u00f3n de todo tipo de electrodom\\u00e9sticos.-\",\"comercio_id\":\"738\",\"nombre\":\"MT Solutions\",\"fecha_tope_descuento\":\"2025\\/03\\/02\",\"active\":1,\"stock\":\"0\",\"link_map\":[{\"ubication\":\"Chorrera\",\"link\":\"\"}],\"prioridad\":\"3\",\"img_array_url\":[\"https:\\/\\/api.tarjetajovendiamante.com\\/storage\\/images\\/ofertas\\/2024_03_27\\/\\/TdI9iAWSUex9afkWhEEZ8TgzBFd4ZKP5maCvErEo.jpg\"],\"updated_at\":\"2024-03-27T15:54:21.000000Z\",\"created_at\":\"2024-03-27T15:54:21.000000Z\",\"id\":137}','2024-03-27 15:54:22','2024-03-27 15:54:22',619,'ofertas','137'),(18281,'Se creo una nueva oferta','','{\"price_total\":\"0\",\"descuento\":\"15\",\"description\":\"-<b>15% de descuento<\\/b> en&nbsp;Instalaci\\u00f3n , mantenimiento y Reparaci\\u00f3n de todo tipo de electrodom\\u00e9sticos.-\",\"comercio_id\":\"738\",\"nombre\":\"MT Solutions\",\"fecha_tope_descuento\":\"2025\\/03\\/02\",\"active\":1,\"stock\":\"0\",\"link_map\":[{\"ubication\":\"Chorrera\",\"link\":\"\"}],\"prioridad\":\"3\",\"img_array_url\":[\"https:\\/\\/api.tarjetajovendiamante.com\\/storage\\/images\\/ofertas\\/2024_03_27\\/\\/TdI9iAWSUex9afkWhEEZ8TgzBFd4ZKP5maCvErEo.jpg\"],\"updated_at\":\"2024-03-27T15:54:21.000000Z\",\"created_at\":\"2024-03-27T15:54:21.000000Z\",\"id\":137}','2024-03-27 15:54:22','2024-03-27 15:54:22',620,'ofertas','137'),(18282,'Se creo una nueva oferta','','{\"price_total\":\"0\",\"descuento\":\"15\",\"description\":\"-<b>15% de descuento<\\/b> en&nbsp;Instalaci\\u00f3n , mantenimiento y Reparaci\\u00f3n de todo tipo de electrodom\\u00e9sticos.-\",\"comercio_id\":\"738\",\"nombre\":\"MT Solutions\",\"fecha_tope_descuento\":\"2025\\/03\\/02\",\"active\":1,\"stock\":\"0\",\"link_map\":[{\"ubication\":\"Chorrera\",\"link\":\"\"}],\"prioridad\":\"3\",\"img_array_url\":[\"https:\\/\\/api.tarjetajovendiamante.com\\/storage\\/images\\/ofertas\\/2024_03_27\\/\\/TdI9iAWSUex9afkWhEEZ8TgzBFd4ZKP5maCvErEo.jpg\"],\"updated_at\":\"2024-03-27T15:54:21.000000Z\",\"created_at\":\"2024-03-27T15:54:21.000000Z\",\"id\":137}','2024-03-27 15:54:22','2024-03-27 15:54:22',621,'ofertas','137'),(18283,'Se creo una nueva oferta','','{\"price_total\":\"0\",\"descuento\":\"15\",\"description\":\"-<b>15% de descuento<\\/b> en&nbsp;Instalaci\\u00f3n , mantenimiento y Reparaci\\u00f3n de todo tipo de electrodom\\u00e9sticos.-\",\"comercio_id\":\"738\",\"nombre\":\"MT Solutions\",\"fecha_tope_descuento\":\"2025\\/03\\/02\",\"active\":1,\"stock\":\"0\",\"link_map\":[{\"ubication\":\"Chorrera\",\"link\":\"\"}],\"prioridad\":\"3\",\"img_array_url\":[\"https:\\/\\/api.tarjetajovendiamante.com\\/storage\\/images\\/ofertas\\/2024_03_27\\/\\/TdI9iAWSUex9afkWhEEZ8TgzBFd4ZKP5maCvErEo.jpg\"],\"updated_at\":\"2024-03-27T15:54:21.000000Z\",\"created_at\":\"2024-03-27T15:54:21.000000Z\",\"id\":137}','2024-03-27 15:54:22','2024-03-27 15:54:22',622,'ofertas','137'),(18284,'Se creo una nueva oferta','','{\"price_total\":\"0\",\"descuento\":\"15\",\"description\":\"-<b>15% de descuento<\\/b> en&nbsp;Instalaci\\u00f3n , mantenimiento y Reparaci\\u00f3n de todo tipo de electrodom\\u00e9sticos.-\",\"comercio_id\":\"738\",\"nombre\":\"MT Solutions\",\"fecha_tope_descuento\":\"2025\\/03\\/02\",\"active\":1,\"stock\":\"0\",\"link_map\":[{\"ubication\":\"Chorrera\",\"link\":\"\"}],\"prioridad\":\"3\",\"img_array_url\":[\"https:\\/\\/api.tarjetajovendiamante.com\\/storage\\/images\\/ofertas\\/2024_03_27\\/\\/TdI9iAWSUex9afkWhEEZ8TgzBFd4ZKP5maCvErEo.jpg\"],\"updated_at\":\"2024-03-27T15:54:21.000000Z\",\"created_at\":\"2024-03-27T15:54:21.000000Z\",\"id\":137}','2024-03-27 15:54:22','2024-03-27 15:54:22',623,'ofertas','137'),(18285,'Se creo una nueva oferta','','{\"price_total\":\"0\",\"descuento\":\"15\",\"description\":\"-<b>15% de descuento<\\/b> en&nbsp;Instalaci\\u00f3n , mantenimiento y Reparaci\\u00f3n de todo tipo de electrodom\\u00e9sticos.-\",\"comercio_id\":\"738\",\"nombre\":\"MT Solutions\",\"fecha_tope_descuento\":\"2025\\/03\\/02\",\"active\":1,\"stock\":\"0\",\"link_map\":[{\"ubication\":\"Chorrera\",\"link\":\"\"}],\"prioridad\":\"3\",\"img_array_url\":[\"https:\\/\\/api.tarjetajovendiamante.com\\/storage\\/images\\/ofertas\\/2024_03_27\\/\\/TdI9iAWSUex9afkWhEEZ8TgzBFd4ZKP5maCvErEo.jpg\"],\"updated_at\":\"2024-03-27T15:54:21.000000Z\",\"created_at\":\"2024-03-27T15:54:21.000000Z\",\"id\":137}','2024-03-27 15:54:22','2024-03-27 15:54:22',624,'ofertas','137'),(18286,'Se creo una nueva oferta','','{\"price_total\":\"0\",\"descuento\":\"15\",\"description\":\"-<b>15% de descuento<\\/b> en&nbsp;Instalaci\\u00f3n , mantenimiento y Reparaci\\u00f3n de todo tipo de electrodom\\u00e9sticos.-\",\"comercio_id\":\"738\",\"nombre\":\"MT Solutions\",\"fecha_tope_descuento\":\"2025\\/03\\/02\",\"active\":1,\"stock\":\"0\",\"link_map\":[{\"ubication\":\"Chorrera\",\"link\":\"\"}],\"prioridad\":\"3\",\"img_array_url\":[\"https:\\/\\/api.tarjetajovendiamante.com\\/storage\\/images\\/ofertas\\/2024_03_27\\/\\/TdI9iAWSUex9afkWhEEZ8TgzBFd4ZKP5maCvErEo.jpg\"],\"updated_at\":\"2024-03-27T15:54:21.000000Z\",\"created_at\":\"2024-03-27T15:54:21.000000Z\",\"id\":137}','2024-03-27 15:54:22','2024-03-27 15:54:22',625,'ofertas','137'),(18287,'Se creo una nueva oferta','','{\"price_total\":\"0\",\"descuento\":\"15\",\"description\":\"-<b>15% de descuento<\\/b> en&nbsp;Instalaci\\u00f3n , mantenimiento y Reparaci\\u00f3n de todo tipo de electrodom\\u00e9sticos.-\",\"comercio_id\":\"738\",\"nombre\":\"MT Solutions\",\"fecha_tope_descuento\":\"2025\\/03\\/02\",\"active\":1,\"stock\":\"0\",\"link_map\":[{\"ubication\":\"Chorrera\",\"link\":\"\"}],\"prioridad\":\"3\",\"img_array_url\":[\"https:\\/\\/api.tarjetajovendiamante.com\\/storage\\/images\\/ofertas\\/2024_03_27\\/\\/TdI9iAWSUex9afkWhEEZ8TgzBFd4ZKP5maCvErEo.jpg\"],\"updated_at\":\"2024-03-27T15:54:21.000000Z\",\"created_at\":\"2024-03-27T15:54:21.000000Z\",\"id\":137}','2024-03-27 15:54:22','2024-03-27 15:54:22',626,'ofertas','137'),(18288,'Se creo una nueva oferta','','{\"price_total\":\"0\",\"descuento\":\"15\",\"description\":\"-<b>15% de descuento<\\/b> en&nbsp;Instalaci\\u00f3n , mantenimiento y Reparaci\\u00f3n de todo tipo de electrodom\\u00e9sticos.-\",\"comercio_id\":\"738\",\"nombre\":\"MT Solutions\",\"fecha_tope_descuento\":\"2025\\/03\\/02\",\"active\":1,\"stock\":\"0\",\"link_map\":[{\"ubication\":\"Chorrera\",\"link\":\"\"}],\"prioridad\":\"3\",\"img_array_url\":[\"https:\\/\\/api.tarjetajovendiamante.com\\/storage\\/images\\/ofertas\\/2024_03_27\\/\\/TdI9iAWSUex9afkWhEEZ8TgzBFd4ZKP5maCvErEo.jpg\"],\"updated_at\":\"2024-03-27T15:54:21.000000Z\",\"created_at\":\"2024-03-27T15:54:21.000000Z\",\"id\":137}','2024-03-27 15:54:22','2024-03-27 15:54:22',627,'ofertas','137'),(18289,'Se creo una nueva oferta','','{\"price_total\":\"0\",\"descuento\":\"15\",\"description\":\"-<b>15% de descuento<\\/b> en&nbsp;Instalaci\\u00f3n , mantenimiento y Reparaci\\u00f3n de todo tipo de electrodom\\u00e9sticos.-\",\"comercio_id\":\"738\",\"nombre\":\"MT Solutions\",\"fecha_tope_descuento\":\"2025\\/03\\/02\",\"active\":1,\"stock\":\"0\",\"link_map\":[{\"ubication\":\"Chorrera\",\"link\":\"\"}],\"prioridad\":\"3\",\"img_array_url\":[\"https:\\/\\/api.tarjetajovendiamante.com\\/storage\\/images\\/ofertas\\/2024_03_27\\/\\/TdI9iAWSUex9afkWhEEZ8TgzBFd4ZKP5maCvErEo.jpg\"],\"updated_at\":\"2024-03-27T15:54:21.000000Z\",\"created_at\":\"2024-03-27T15:54:21.000000Z\",\"id\":137}','2024-03-27 15:54:22','2024-03-27 15:54:22',628,'ofertas','137'),(18290,'Se creo una nueva oferta','','{\"price_total\":\"0\",\"descuento\":\"15\",\"description\":\"-<b>15% de descuento<\\/b> en&nbsp;Instalaci\\u00f3n , mantenimiento y Reparaci\\u00f3n de todo tipo de electrodom\\u00e9sticos.-\",\"comercio_id\":\"738\",\"nombre\":\"MT Solutions\",\"fecha_tope_descuento\":\"2025\\/03\\/02\",\"active\":1,\"stock\":\"0\",\"link_map\":[{\"ubication\":\"Chorrera\",\"link\":\"\"}],\"prioridad\":\"3\",\"img_array_url\":[\"https:\\/\\/api.tarjetajovendiamante.com\\/storage\\/images\\/ofertas\\/2024_03_27\\/\\/TdI9iAWSUex9afkWhEEZ8TgzBFd4ZKP5maCvErEo.jpg\"],\"updated_at\":\"2024-03-27T15:54:21.000000Z\",\"created_at\":\"2024-03-27T15:54:21.000000Z\",\"id\":137}','2024-03-27 15:54:22','2024-03-27 15:54:22',629,'ofertas','137'),(18291,'Se creo una nueva oferta','','{\"price_total\":\"0\",\"descuento\":\"15\",\"description\":\"-<b>15% de descuento<\\/b> en&nbsp;Instalaci\\u00f3n , mantenimiento y Reparaci\\u00f3n de todo tipo de electrodom\\u00e9sticos.-\",\"comercio_id\":\"738\",\"nombre\":\"MT Solutions\",\"fecha_tope_descuento\":\"2025\\/03\\/02\",\"active\":1,\"stock\":\"0\",\"link_map\":[{\"ubication\":\"Chorrera\",\"link\":\"\"}],\"prioridad\":\"3\",\"img_array_url\":[\"https:\\/\\/api.tarjetajovendiamante.com\\/storage\\/images\\/ofertas\\/2024_03_27\\/\\/TdI9iAWSUex9afkWhEEZ8TgzBFd4ZKP5maCvErEo.jpg\"],\"updated_at\":\"2024-03-27T15:54:21.000000Z\",\"created_at\":\"2024-03-27T15:54:21.000000Z\",\"id\":137}','2024-03-27 15:54:22','2024-03-27 15:54:22',630,'ofertas','137'),(18292,'Se creo una nueva oferta','','{\"price_total\":\"0\",\"descuento\":\"15\",\"description\":\"-<b>15% de descuento<\\/b> en&nbsp;Instalaci\\u00f3n , mantenimiento y Reparaci\\u00f3n de todo tipo de electrodom\\u00e9sticos.-\",\"comercio_id\":\"738\",\"nombre\":\"MT Solutions\",\"fecha_tope_descuento\":\"2025\\/03\\/02\",\"active\":1,\"stock\":\"0\",\"link_map\":[{\"ubication\":\"Chorrera\",\"link\":\"\"}],\"prioridad\":\"3\",\"img_array_url\":[\"https:\\/\\/api.tarjetajovendiamante.com\\/storage\\/images\\/ofertas\\/2024_03_27\\/\\/TdI9iAWSUex9afkWhEEZ8TgzBFd4ZKP5maCvErEo.jpg\"],\"updated_at\":\"2024-03-27T15:54:21.000000Z\",\"created_at\":\"2024-03-27T15:54:21.000000Z\",\"id\":137}','2024-03-27 15:54:22','2024-03-27 15:54:22',631,'ofertas','137'),(18293,'Se creo una nueva oferta','','{\"price_total\":\"0\",\"descuento\":\"15\",\"description\":\"-<b>15% de descuento<\\/b> en&nbsp;Instalaci\\u00f3n , mantenimiento y Reparaci\\u00f3n de todo tipo de electrodom\\u00e9sticos.-\",\"comercio_id\":\"738\",\"nombre\":\"MT Solutions\",\"fecha_tope_descuento\":\"2025\\/03\\/02\",\"active\":1,\"stock\":\"0\",\"link_map\":[{\"ubication\":\"Chorrera\",\"link\":\"\"}],\"prioridad\":\"3\",\"img_array_url\":[\"https:\\/\\/api.tarjetajovendiamante.com\\/storage\\/images\\/ofertas\\/2024_03_27\\/\\/TdI9iAWSUex9afkWhEEZ8TgzBFd4ZKP5maCvErEo.jpg\"],\"updated_at\":\"2024-03-27T15:54:21.000000Z\",\"created_at\":\"2024-03-27T15:54:21.000000Z\",\"id\":137}','2024-03-27 15:54:22','2024-03-27 15:54:22',632,'ofertas','137'),(18294,'Se creo una nueva oferta','','{\"price_total\":\"0\",\"descuento\":\"15\",\"description\":\"-<b>15% de descuento<\\/b> en&nbsp;Instalaci\\u00f3n , mantenimiento y Reparaci\\u00f3n de todo tipo de electrodom\\u00e9sticos.-\",\"comercio_id\":\"738\",\"nombre\":\"MT Solutions\",\"fecha_tope_descuento\":\"2025\\/03\\/02\",\"active\":1,\"stock\":\"0\",\"link_map\":[{\"ubication\":\"Chorrera\",\"link\":\"\"}],\"prioridad\":\"3\",\"img_array_url\":[\"https:\\/\\/api.tarjetajovendiamante.com\\/storage\\/images\\/ofertas\\/2024_03_27\\/\\/TdI9iAWSUex9afkWhEEZ8TgzBFd4ZKP5maCvErEo.jpg\"],\"updated_at\":\"2024-03-27T15:54:21.000000Z\",\"created_at\":\"2024-03-27T15:54:21.000000Z\",\"id\":137}','2024-03-27 15:54:22','2024-03-27 15:54:22',633,'ofertas','137'),(18295,'Se creo una nueva oferta','','{\"price_total\":\"0\",\"descuento\":\"15\",\"description\":\"-<b>15% de descuento<\\/b> en&nbsp;Instalaci\\u00f3n , mantenimiento y Reparaci\\u00f3n de todo tipo de electrodom\\u00e9sticos.-\",\"comercio_id\":\"738\",\"nombre\":\"MT Solutions\",\"fecha_tope_descuento\":\"2025\\/03\\/02\",\"active\":1,\"stock\":\"0\",\"link_map\":[{\"ubication\":\"Chorrera\",\"link\":\"\"}],\"prioridad\":\"3\",\"img_array_url\":[\"https:\\/\\/api.tarjetajovendiamante.com\\/storage\\/images\\/ofertas\\/2024_03_27\\/\\/TdI9iAWSUex9afkWhEEZ8TgzBFd4ZKP5maCvErEo.jpg\"],\"updated_at\":\"2024-03-27T15:54:21.000000Z\",\"created_at\":\"2024-03-27T15:54:21.000000Z\",\"id\":137}','2024-03-27 15:54:22','2024-03-27 15:54:22',634,'ofertas','137'),(18296,'Se creo una nueva oferta','','{\"price_total\":\"0\",\"descuento\":\"15\",\"description\":\"-<b>15% de descuento<\\/b> en&nbsp;Instalaci\\u00f3n , mantenimiento y Reparaci\\u00f3n de todo tipo de electrodom\\u00e9sticos.-\",\"comercio_id\":\"738\",\"nombre\":\"MT Solutions\",\"fecha_tope_descuento\":\"2025\\/03\\/02\",\"active\":1,\"stock\":\"0\",\"link_map\":[{\"ubication\":\"Chorrera\",\"link\":\"\"}],\"prioridad\":\"3\",\"img_array_url\":[\"https:\\/\\/api.tarjetajovendiamante.com\\/storage\\/images\\/ofertas\\/2024_03_27\\/\\/TdI9iAWSUex9afkWhEEZ8TgzBFd4ZKP5maCvErEo.jpg\"],\"updated_at\":\"2024-03-27T15:54:21.000000Z\",\"created_at\":\"2024-03-27T15:54:21.000000Z\",\"id\":137}','2024-03-27 15:54:22','2024-03-27 15:54:22',635,'ofertas','137'),(18297,'Se creo una nueva oferta','','{\"price_total\":\"0\",\"descuento\":\"15\",\"description\":\"-<b>15% de descuento<\\/b> en&nbsp;Instalaci\\u00f3n , mantenimiento y Reparaci\\u00f3n de todo tipo de electrodom\\u00e9sticos.-\",\"comercio_id\":\"738\",\"nombre\":\"MT Solutions\",\"fecha_tope_descuento\":\"2025\\/03\\/02\",\"active\":1,\"stock\":\"0\",\"link_map\":[{\"ubication\":\"Chorrera\",\"link\":\"\"}],\"prioridad\":\"3\",\"img_array_url\":[\"https:\\/\\/api.tarjetajovendiamante.com\\/storage\\/images\\/ofertas\\/2024_03_27\\/\\/TdI9iAWSUex9afkWhEEZ8TgzBFd4ZKP5maCvErEo.jpg\"],\"updated_at\":\"2024-03-27T15:54:21.000000Z\",\"created_at\":\"2024-03-27T15:54:21.000000Z\",\"id\":137}','2024-03-27 15:54:22','2024-03-27 15:54:22',636,'ofertas','137'),(18298,'Se creo una nueva oferta','','{\"price_total\":\"0\",\"descuento\":\"15\",\"description\":\"-<b>15% de descuento<\\/b> en&nbsp;Instalaci\\u00f3n , mantenimiento y Reparaci\\u00f3n de todo tipo de electrodom\\u00e9sticos.-\",\"comercio_id\":\"738\",\"nombre\":\"MT Solutions\",\"fecha_tope_descuento\":\"2025\\/03\\/02\",\"active\":1,\"stock\":\"0\",\"link_map\":[{\"ubication\":\"Chorrera\",\"link\":\"\"}],\"prioridad\":\"3\",\"img_array_url\":[\"https:\\/\\/api.tarjetajovendiamante.com\\/storage\\/images\\/ofertas\\/2024_03_27\\/\\/TdI9iAWSUex9afkWhEEZ8TgzBFd4ZKP5maCvErEo.jpg\"],\"updated_at\":\"2024-03-27T15:54:21.000000Z\",\"created_at\":\"2024-03-27T15:54:21.000000Z\",\"id\":137}','2024-03-27 15:54:22','2024-03-27 15:54:22',637,'ofertas','137'),(18299,'Se creo una nueva oferta','','{\"price_total\":\"0\",\"descuento\":\"15\",\"description\":\"-<b>15% de descuento<\\/b> en&nbsp;Instalaci\\u00f3n , mantenimiento y Reparaci\\u00f3n de todo tipo de electrodom\\u00e9sticos.-\",\"comercio_id\":\"738\",\"nombre\":\"MT Solutions\",\"fecha_tope_descuento\":\"2025\\/03\\/02\",\"active\":1,\"stock\":\"0\",\"link_map\":[{\"ubication\":\"Chorrera\",\"link\":\"\"}],\"prioridad\":\"3\",\"img_array_url\":[\"https:\\/\\/api.tarjetajovendiamante.com\\/storage\\/images\\/ofertas\\/2024_03_27\\/\\/TdI9iAWSUex9afkWhEEZ8TgzBFd4ZKP5maCvErEo.jpg\"],\"updated_at\":\"2024-03-27T15:54:21.000000Z\",\"created_at\":\"2024-03-27T15:54:21.000000Z\",\"id\":137}','2024-03-27 15:54:22','2024-03-27 15:54:22',638,'ofertas','137'),(18300,'Se creo una nueva oferta','','{\"price_total\":\"0\",\"descuento\":\"15\",\"description\":\"-<b>15% de descuento<\\/b> en&nbsp;Instalaci\\u00f3n , mantenimiento y Reparaci\\u00f3n de todo tipo de electrodom\\u00e9sticos.-\",\"comercio_id\":\"738\",\"nombre\":\"MT Solutions\",\"fecha_tope_descuento\":\"2025\\/03\\/02\",\"active\":1,\"stock\":\"0\",\"link_map\":[{\"ubication\":\"Chorrera\",\"link\":\"\"}],\"prioridad\":\"3\",\"img_array_url\":[\"https:\\/\\/api.tarjetajovendiamante.com\\/storage\\/images\\/ofertas\\/2024_03_27\\/\\/TdI9iAWSUex9afkWhEEZ8TgzBFd4ZKP5maCvErEo.jpg\"],\"updated_at\":\"2024-03-27T15:54:21.000000Z\",\"created_at\":\"2024-03-27T15:54:21.000000Z\",\"id\":137}','2024-03-27 15:54:22','2024-03-27 15:54:22',639,'ofertas','137'),(18301,'Se creo una nueva oferta','','{\"price_total\":\"0\",\"descuento\":\"15\",\"description\":\"-<b>15% de descuento<\\/b> en&nbsp;Instalaci\\u00f3n , mantenimiento y Reparaci\\u00f3n de todo tipo de electrodom\\u00e9sticos.-\",\"comercio_id\":\"738\",\"nombre\":\"MT Solutions\",\"fecha_tope_descuento\":\"2025\\/03\\/02\",\"active\":1,\"stock\":\"0\",\"link_map\":[{\"ubication\":\"Chorrera\",\"link\":\"\"}],\"prioridad\":\"3\",\"img_array_url\":[\"https:\\/\\/api.tarjetajovendiamante.com\\/storage\\/images\\/ofertas\\/2024_03_27\\/\\/TdI9iAWSUex9afkWhEEZ8TgzBFd4ZKP5maCvErEo.jpg\"],\"updated_at\":\"2024-03-27T15:54:21.000000Z\",\"created_at\":\"2024-03-27T15:54:21.000000Z\",\"id\":137}','2024-03-27 15:54:22','2024-03-27 15:54:22',640,'ofertas','137'),(18302,'Se creo una nueva oferta','','{\"price_total\":\"0\",\"descuento\":\"15\",\"description\":\"-<b>15% de descuento<\\/b> en&nbsp;Instalaci\\u00f3n , mantenimiento y Reparaci\\u00f3n de todo tipo de electrodom\\u00e9sticos.-\",\"comercio_id\":\"738\",\"nombre\":\"MT Solutions\",\"fecha_tope_descuento\":\"2025\\/03\\/02\",\"active\":1,\"stock\":\"0\",\"link_map\":[{\"ubication\":\"Chorrera\",\"link\":\"\"}],\"prioridad\":\"3\",\"img_array_url\":[\"https:\\/\\/api.tarjetajovendiamante.com\\/storage\\/images\\/ofertas\\/2024_03_27\\/\\/TdI9iAWSUex9afkWhEEZ8TgzBFd4ZKP5maCvErEo.jpg\"],\"updated_at\":\"2024-03-27T15:54:21.000000Z\",\"created_at\":\"2024-03-27T15:54:21.000000Z\",\"id\":137}','2024-03-27 15:54:22','2024-03-27 15:54:22',642,'ofertas','137'),(18303,'Se creo una nueva oferta','','{\"price_total\":\"0\",\"descuento\":\"15\",\"description\":\"-<b>15% de descuento<\\/b> en&nbsp;Instalaci\\u00f3n , mantenimiento y Reparaci\\u00f3n de todo tipo de electrodom\\u00e9sticos.-\",\"comercio_id\":\"738\",\"nombre\":\"MT Solutions\",\"fecha_tope_descuento\":\"2025\\/03\\/02\",\"active\":1,\"stock\":\"0\",\"link_map\":[{\"ubication\":\"Chorrera\",\"link\":\"\"}],\"prioridad\":\"3\",\"img_array_url\":[\"https:\\/\\/api.tarjetajovendiamante.com\\/storage\\/images\\/ofertas\\/2024_03_27\\/\\/TdI9iAWSUex9afkWhEEZ8TgzBFd4ZKP5maCvErEo.jpg\"],\"updated_at\":\"2024-03-27T15:54:21.000000Z\",\"created_at\":\"2024-03-27T15:54:21.000000Z\",\"id\":137}','2024-03-27 15:54:22','2024-03-27 15:54:22',643,'ofertas','137'),(18304,'Se creo una nueva oferta','','{\"price_total\":\"0\",\"descuento\":\"15\",\"description\":\"-<b>15% de descuento<\\/b> en&nbsp;Instalaci\\u00f3n , mantenimiento y Reparaci\\u00f3n de todo tipo de electrodom\\u00e9sticos.-\",\"comercio_id\":\"738\",\"nombre\":\"MT Solutions\",\"fecha_tope_descuento\":\"2025\\/03\\/02\",\"active\":1,\"stock\":\"0\",\"link_map\":[{\"ubication\":\"Chorrera\",\"link\":\"\"}],\"prioridad\":\"3\",\"img_array_url\":[\"https:\\/\\/api.tarjetajovendiamante.com\\/storage\\/images\\/ofertas\\/2024_03_27\\/\\/TdI9iAWSUex9afkWhEEZ8TgzBFd4ZKP5maCvErEo.jpg\"],\"updated_at\":\"2024-03-27T15:54:21.000000Z\",\"created_at\":\"2024-03-27T15:54:21.000000Z\",\"id\":137}','2024-03-27 15:54:22','2024-03-27 15:54:22',644,'ofertas','137'),(18305,'Se creo una nueva oferta','','{\"price_total\":\"0\",\"descuento\":\"15\",\"description\":\"-<b>15% de descuento<\\/b> en&nbsp;Instalaci\\u00f3n , mantenimiento y Reparaci\\u00f3n de todo tipo de electrodom\\u00e9sticos.-\",\"comercio_id\":\"738\",\"nombre\":\"MT Solutions\",\"fecha_tope_descuento\":\"2025\\/03\\/02\",\"active\":1,\"stock\":\"0\",\"link_map\":[{\"ubication\":\"Chorrera\",\"link\":\"\"}],\"prioridad\":\"3\",\"img_array_url\":[\"https:\\/\\/api.tarjetajovendiamante.com\\/storage\\/images\\/ofertas\\/2024_03_27\\/\\/TdI9iAWSUex9afkWhEEZ8TgzBFd4ZKP5maCvErEo.jpg\"],\"updated_at\":\"2024-03-27T15:54:21.000000Z\",\"created_at\":\"2024-03-27T15:54:21.000000Z\",\"id\":137}','2024-03-27 15:54:22','2024-03-27 15:54:22',645,'ofertas','137'),(18306,'Se creo una nueva oferta','','{\"price_total\":\"0\",\"descuento\":\"15\",\"description\":\"-<b>15% de descuento<\\/b> en&nbsp;Instalaci\\u00f3n , mantenimiento y Reparaci\\u00f3n de todo tipo de electrodom\\u00e9sticos.-\",\"comercio_id\":\"738\",\"nombre\":\"MT Solutions\",\"fecha_tope_descuento\":\"2025\\/03\\/02\",\"active\":1,\"stock\":\"0\",\"link_map\":[{\"ubication\":\"Chorrera\",\"link\":\"\"}],\"prioridad\":\"3\",\"img_array_url\":[\"https:\\/\\/api.tarjetajovendiamante.com\\/storage\\/images\\/ofertas\\/2024_03_27\\/\\/TdI9iAWSUex9afkWhEEZ8TgzBFd4ZKP5maCvErEo.jpg\"],\"updated_at\":\"2024-03-27T15:54:21.000000Z\",\"created_at\":\"2024-03-27T15:54:21.000000Z\",\"id\":137}','2024-03-27 15:54:22','2024-03-27 15:54:22',646,'ofertas','137'),(18307,'Se creo una nueva oferta','','{\"price_total\":\"0\",\"descuento\":\"15\",\"description\":\"-<b>15% de descuento<\\/b> en&nbsp;Instalaci\\u00f3n , mantenimiento y Reparaci\\u00f3n de todo tipo de electrodom\\u00e9sticos.-\",\"comercio_id\":\"738\",\"nombre\":\"MT Solutions\",\"fecha_tope_descuento\":\"2025\\/03\\/02\",\"active\":1,\"stock\":\"0\",\"link_map\":[{\"ubication\":\"Chorrera\",\"link\":\"\"}],\"prioridad\":\"3\",\"img_array_url\":[\"https:\\/\\/api.tarjetajovendiamante.com\\/storage\\/images\\/ofertas\\/2024_03_27\\/\\/TdI9iAWSUex9afkWhEEZ8TgzBFd4ZKP5maCvErEo.jpg\"],\"updated_at\":\"2024-03-27T15:54:21.000000Z\",\"created_at\":\"2024-03-27T15:54:21.000000Z\",\"id\":137}','2024-03-27 15:54:22','2024-03-27 15:54:22',647,'ofertas','137'),(18308,'Se creo una nueva oferta','','{\"price_total\":\"0\",\"descuento\":\"15\",\"description\":\"-<b>15% de descuento<\\/b> en&nbsp;Instalaci\\u00f3n , mantenimiento y Reparaci\\u00f3n de todo tipo de electrodom\\u00e9sticos.-\",\"comercio_id\":\"738\",\"nombre\":\"MT Solutions\",\"fecha_tope_descuento\":\"2025\\/03\\/02\",\"active\":1,\"stock\":\"0\",\"link_map\":[{\"ubication\":\"Chorrera\",\"link\":\"\"}],\"prioridad\":\"3\",\"img_array_url\":[\"https:\\/\\/api.tarjetajovendiamante.com\\/storage\\/images\\/ofertas\\/2024_03_27\\/\\/TdI9iAWSUex9afkWhEEZ8TgzBFd4ZKP5maCvErEo.jpg\"],\"updated_at\":\"2024-03-27T15:54:21.000000Z\",\"created_at\":\"2024-03-27T15:54:21.000000Z\",\"id\":137}','2024-03-27 15:54:22','2024-03-27 15:54:22',648,'ofertas','137'),(18309,'Se creo una nueva oferta','','{\"price_total\":\"0\",\"descuento\":\"15\",\"description\":\"-<b>15% de descuento<\\/b> en&nbsp;Instalaci\\u00f3n , mantenimiento y Reparaci\\u00f3n de todo tipo de electrodom\\u00e9sticos.-\",\"comercio_id\":\"738\",\"nombre\":\"MT Solutions\",\"fecha_tope_descuento\":\"2025\\/03\\/02\",\"active\":1,\"stock\":\"0\",\"link_map\":[{\"ubication\":\"Chorrera\",\"link\":\"\"}],\"prioridad\":\"3\",\"img_array_url\":[\"https:\\/\\/api.tarjetajovendiamante.com\\/storage\\/images\\/ofertas\\/2024_03_27\\/\\/TdI9iAWSUex9afkWhEEZ8TgzBFd4ZKP5maCvErEo.jpg\"],\"updated_at\":\"2024-03-27T15:54:21.000000Z\",\"created_at\":\"2024-03-27T15:54:21.000000Z\",\"id\":137}','2024-03-27 15:54:22','2024-03-27 15:54:22',649,'ofertas','137'),(18310,'Se creo una nueva oferta','','{\"price_total\":\"0\",\"descuento\":\"15\",\"description\":\"-<b>15% de descuento<\\/b> en&nbsp;Instalaci\\u00f3n , mantenimiento y Reparaci\\u00f3n de todo tipo de electrodom\\u00e9sticos.-\",\"comercio_id\":\"738\",\"nombre\":\"MT Solutions\",\"fecha_tope_descuento\":\"2025\\/03\\/02\",\"active\":1,\"stock\":\"0\",\"link_map\":[{\"ubication\":\"Chorrera\",\"link\":\"\"}],\"prioridad\":\"3\",\"img_array_url\":[\"https:\\/\\/api.tarjetajovendiamante.com\\/storage\\/images\\/ofertas\\/2024_03_27\\/\\/TdI9iAWSUex9afkWhEEZ8TgzBFd4ZKP5maCvErEo.jpg\"],\"updated_at\":\"2024-03-27T15:54:21.000000Z\",\"created_at\":\"2024-03-27T15:54:21.000000Z\",\"id\":137}','2024-03-27 15:54:22','2024-03-27 15:54:22',650,'ofertas','137'),(18311,'Se creo una nueva oferta','','{\"price_total\":\"0\",\"descuento\":\"15\",\"description\":\"-<b>15% de descuento<\\/b> en&nbsp;Instalaci\\u00f3n , mantenimiento y Reparaci\\u00f3n de todo tipo de electrodom\\u00e9sticos.-\",\"comercio_id\":\"738\",\"nombre\":\"MT Solutions\",\"fecha_tope_descuento\":\"2025\\/03\\/02\",\"active\":1,\"stock\":\"0\",\"link_map\":[{\"ubication\":\"Chorrera\",\"link\":\"\"}],\"prioridad\":\"3\",\"img_array_url\":[\"https:\\/\\/api.tarjetajovendiamante.com\\/storage\\/images\\/ofertas\\/2024_03_27\\/\\/TdI9iAWSUex9afkWhEEZ8TgzBFd4ZKP5maCvErEo.jpg\"],\"updated_at\":\"2024-03-27T15:54:21.000000Z\",\"created_at\":\"2024-03-27T15:54:21.000000Z\",\"id\":137}','2024-03-27 15:54:22','2024-03-27 15:54:22',651,'ofertas','137'),(18312,'Se creo una nueva oferta','','{\"price_total\":\"0\",\"descuento\":\"15\",\"description\":\"-<b>15% de descuento<\\/b> en&nbsp;Instalaci\\u00f3n , mantenimiento y Reparaci\\u00f3n de todo tipo de electrodom\\u00e9sticos.-\",\"comercio_id\":\"738\",\"nombre\":\"MT Solutions\",\"fecha_tope_descuento\":\"2025\\/03\\/02\",\"active\":1,\"stock\":\"0\",\"link_map\":[{\"ubication\":\"Chorrera\",\"link\":\"\"}],\"prioridad\":\"3\",\"img_array_url\":[\"https:\\/\\/api.tarjetajovendiamante.com\\/storage\\/images\\/ofertas\\/2024_03_27\\/\\/TdI9iAWSUex9afkWhEEZ8TgzBFd4ZKP5maCvErEo.jpg\"],\"updated_at\":\"2024-03-27T15:54:21.000000Z\",\"created_at\":\"2024-03-27T15:54:21.000000Z\",\"id\":137}','2024-03-27 15:54:22','2024-03-27 15:54:22',652,'ofertas','137'),(18313,'Se creo una nueva oferta','','{\"price_total\":\"0\",\"descuento\":\"15\",\"description\":\"-<b>15% de descuento<\\/b> en&nbsp;Instalaci\\u00f3n , mantenimiento y Reparaci\\u00f3n de todo tipo de electrodom\\u00e9sticos.-\",\"comercio_id\":\"738\",\"nombre\":\"MT Solutions\",\"fecha_tope_descuento\":\"2025\\/03\\/02\",\"active\":1,\"stock\":\"0\",\"link_map\":[{\"ubication\":\"Chorrera\",\"link\":\"\"}],\"prioridad\":\"3\",\"img_array_url\":[\"https:\\/\\/api.tarjetajovendiamante.com\\/storage\\/images\\/ofertas\\/2024_03_27\\/\\/TdI9iAWSUex9afkWhEEZ8TgzBFd4ZKP5maCvErEo.jpg\"],\"updated_at\":\"2024-03-27T15:54:21.000000Z\",\"created_at\":\"2024-03-27T15:54:21.000000Z\",\"id\":137}','2024-03-27 15:54:22','2024-03-27 15:54:22',653,'ofertas','137'),(18314,'Se creo una nueva oferta','','{\"price_total\":\"0\",\"descuento\":\"15\",\"description\":\"-<b>15% de descuento<\\/b> en&nbsp;Instalaci\\u00f3n , mantenimiento y Reparaci\\u00f3n de todo tipo de electrodom\\u00e9sticos.-\",\"comercio_id\":\"738\",\"nombre\":\"MT Solutions\",\"fecha_tope_descuento\":\"2025\\/03\\/02\",\"active\":1,\"stock\":\"0\",\"link_map\":[{\"ubication\":\"Chorrera\",\"link\":\"\"}],\"prioridad\":\"3\",\"img_array_url\":[\"https:\\/\\/api.tarjetajovendiamante.com\\/storage\\/images\\/ofertas\\/2024_03_27\\/\\/TdI9iAWSUex9afkWhEEZ8TgzBFd4ZKP5maCvErEo.jpg\"],\"updated_at\":\"2024-03-27T15:54:21.000000Z\",\"created_at\":\"2024-03-27T15:54:21.000000Z\",\"id\":137}','2024-03-27 15:54:22','2024-03-27 15:54:22',654,'ofertas','137'),(18315,'Se creo una nueva oferta','','{\"price_total\":\"0\",\"descuento\":\"15\",\"description\":\"-<b>15% de descuento<\\/b> en&nbsp;Instalaci\\u00f3n , mantenimiento y Reparaci\\u00f3n de todo tipo de electrodom\\u00e9sticos.-\",\"comercio_id\":\"738\",\"nombre\":\"MT Solutions\",\"fecha_tope_descuento\":\"2025\\/03\\/02\",\"active\":1,\"stock\":\"0\",\"link_map\":[{\"ubication\":\"Chorrera\",\"link\":\"\"}],\"prioridad\":\"3\",\"img_array_url\":[\"https:\\/\\/api.tarjetajovendiamante.com\\/storage\\/images\\/ofertas\\/2024_03_27\\/\\/TdI9iAWSUex9afkWhEEZ8TgzBFd4ZKP5maCvErEo.jpg\"],\"updated_at\":\"2024-03-27T15:54:21.000000Z\",\"created_at\":\"2024-03-27T15:54:21.000000Z\",\"id\":137}','2024-03-27 15:54:22','2024-03-27 15:54:22',655,'ofertas','137'),(18316,'Se creo una nueva oferta','','{\"price_total\":\"0\",\"descuento\":\"15\",\"description\":\"-<b>15% de descuento<\\/b> en&nbsp;Instalaci\\u00f3n , mantenimiento y Reparaci\\u00f3n de todo tipo de electrodom\\u00e9sticos.-\",\"comercio_id\":\"738\",\"nombre\":\"MT Solutions\",\"fecha_tope_descuento\":\"2025\\/03\\/02\",\"active\":1,\"stock\":\"0\",\"link_map\":[{\"ubication\":\"Chorrera\",\"link\":\"\"}],\"prioridad\":\"3\",\"img_array_url\":[\"https:\\/\\/api.tarjetajovendiamante.com\\/storage\\/images\\/ofertas\\/2024_03_27\\/\\/TdI9iAWSUex9afkWhEEZ8TgzBFd4ZKP5maCvErEo.jpg\"],\"updated_at\":\"2024-03-27T15:54:21.000000Z\",\"created_at\":\"2024-03-27T15:54:21.000000Z\",\"id\":137}','2024-03-27 15:54:22','2024-03-27 15:54:22',656,'ofertas','137'),(18317,'Se creo una nueva oferta','','{\"price_total\":\"0\",\"descuento\":\"15\",\"description\":\"-<b>15% de descuento<\\/b> en&nbsp;Instalaci\\u00f3n , mantenimiento y Reparaci\\u00f3n de todo tipo de electrodom\\u00e9sticos.-\",\"comercio_id\":\"738\",\"nombre\":\"MT Solutions\",\"fecha_tope_descuento\":\"2025\\/03\\/02\",\"active\":1,\"stock\":\"0\",\"link_map\":[{\"ubication\":\"Chorrera\",\"link\":\"\"}],\"prioridad\":\"3\",\"img_array_url\":[\"https:\\/\\/api.tarjetajovendiamante.com\\/storage\\/images\\/ofertas\\/2024_03_27\\/\\/TdI9iAWSUex9afkWhEEZ8TgzBFd4ZKP5maCvErEo.jpg\"],\"updated_at\":\"2024-03-27T15:54:21.000000Z\",\"created_at\":\"2024-03-27T15:54:21.000000Z\",\"id\":137}','2024-03-27 15:54:22','2024-03-27 15:54:22',657,'ofertas','137'),(18318,'Se creo una nueva oferta','','{\"price_total\":\"0\",\"descuento\":\"15\",\"description\":\"-<b>15% de descuento<\\/b> en&nbsp;Instalaci\\u00f3n , mantenimiento y Reparaci\\u00f3n de todo tipo de electrodom\\u00e9sticos.-\",\"comercio_id\":\"738\",\"nombre\":\"MT Solutions\",\"fecha_tope_descuento\":\"2025\\/03\\/02\",\"active\":1,\"stock\":\"0\",\"link_map\":[{\"ubication\":\"Chorrera\",\"link\":\"\"}],\"prioridad\":\"3\",\"img_array_url\":[\"https:\\/\\/api.tarjetajovendiamante.com\\/storage\\/images\\/ofertas\\/2024_03_27\\/\\/TdI9iAWSUex9afkWhEEZ8TgzBFd4ZKP5maCvErEo.jpg\"],\"updated_at\":\"2024-03-27T15:54:21.000000Z\",\"created_at\":\"2024-03-27T15:54:21.000000Z\",\"id\":137}','2024-03-27 15:54:22','2024-03-27 15:54:22',658,'ofertas','137'),(18319,'Se creo una nueva oferta','','{\"price_total\":\"0\",\"descuento\":\"15\",\"description\":\"-<b>15% de descuento<\\/b> en&nbsp;Instalaci\\u00f3n , mantenimiento y Reparaci\\u00f3n de todo tipo de electrodom\\u00e9sticos.-\",\"comercio_id\":\"738\",\"nombre\":\"MT Solutions\",\"fecha_tope_descuento\":\"2025\\/03\\/02\",\"active\":1,\"stock\":\"0\",\"link_map\":[{\"ubication\":\"Chorrera\",\"link\":\"\"}],\"prioridad\":\"3\",\"img_array_url\":[\"https:\\/\\/api.tarjetajovendiamante.com\\/storage\\/images\\/ofertas\\/2024_03_27\\/\\/TdI9iAWSUex9afkWhEEZ8TgzBFd4ZKP5maCvErEo.jpg\"],\"updated_at\":\"2024-03-27T15:54:21.000000Z\",\"created_at\":\"2024-03-27T15:54:21.000000Z\",\"id\":137}','2024-03-27 15:54:22','2024-03-27 15:54:22',659,'ofertas','137'),(18320,'Se creo una nueva oferta','','{\"price_total\":\"0\",\"descuento\":\"15\",\"description\":\"-<b>15% de descuento<\\/b> en&nbsp;Instalaci\\u00f3n , mantenimiento y Reparaci\\u00f3n de todo tipo de electrodom\\u00e9sticos.-\",\"comercio_id\":\"738\",\"nombre\":\"MT Solutions\",\"fecha_tope_descuento\":\"2025\\/03\\/02\",\"active\":1,\"stock\":\"0\",\"link_map\":[{\"ubication\":\"Chorrera\",\"link\":\"\"}],\"prioridad\":\"3\",\"img_array_url\":[\"https:\\/\\/api.tarjetajovendiamante.com\\/storage\\/images\\/ofertas\\/2024_03_27\\/\\/TdI9iAWSUex9afkWhEEZ8TgzBFd4ZKP5maCvErEo.jpg\"],\"updated_at\":\"2024-03-27T15:54:21.000000Z\",\"created_at\":\"2024-03-27T15:54:21.000000Z\",\"id\":137}','2024-03-27 15:54:22','2024-03-27 15:54:22',661,'ofertas','137'),(18321,'Se creo una nueva oferta','','{\"price_total\":\"0\",\"descuento\":\"15\",\"description\":\"-<b>15% de descuento<\\/b> en&nbsp;Instalaci\\u00f3n , mantenimiento y Reparaci\\u00f3n de todo tipo de electrodom\\u00e9sticos.-\",\"comercio_id\":\"738\",\"nombre\":\"MT Solutions\",\"fecha_tope_descuento\":\"2025\\/03\\/02\",\"active\":1,\"stock\":\"0\",\"link_map\":[{\"ubication\":\"Chorrera\",\"link\":\"\"}],\"prioridad\":\"3\",\"img_array_url\":[\"https:\\/\\/api.tarjetajovendiamante.com\\/storage\\/images\\/ofertas\\/2024_03_27\\/\\/TdI9iAWSUex9afkWhEEZ8TgzBFd4ZKP5maCvErEo.jpg\"],\"updated_at\":\"2024-03-27T15:54:21.000000Z\",\"created_at\":\"2024-03-27T15:54:21.000000Z\",\"id\":137}','2024-03-27 15:54:22','2024-03-27 15:54:22',662,'ofertas','137'),(18322,'Se creo una nueva oferta','','{\"price_total\":\"0\",\"descuento\":\"15\",\"description\":\"-<b>15% de descuento<\\/b> en&nbsp;Instalaci\\u00f3n , mantenimiento y Reparaci\\u00f3n de todo tipo de electrodom\\u00e9sticos.-\",\"comercio_id\":\"738\",\"nombre\":\"MT Solutions\",\"fecha_tope_descuento\":\"2025\\/03\\/02\",\"active\":1,\"stock\":\"0\",\"link_map\":[{\"ubication\":\"Chorrera\",\"link\":\"\"}],\"prioridad\":\"3\",\"img_array_url\":[\"https:\\/\\/api.tarjetajovendiamante.com\\/storage\\/images\\/ofertas\\/2024_03_27\\/\\/TdI9iAWSUex9afkWhEEZ8TgzBFd4ZKP5maCvErEo.jpg\"],\"updated_at\":\"2024-03-27T15:54:21.000000Z\",\"created_at\":\"2024-03-27T15:54:21.000000Z\",\"id\":137}','2024-03-27 15:54:22','2024-03-27 15:54:22',663,'ofertas','137'),(18323,'Se creo una nueva oferta','','{\"price_total\":\"0\",\"descuento\":\"15\",\"description\":\"-<b>15% de descuento<\\/b> en&nbsp;Instalaci\\u00f3n , mantenimiento y Reparaci\\u00f3n de todo tipo de electrodom\\u00e9sticos.-\",\"comercio_id\":\"738\",\"nombre\":\"MT Solutions\",\"fecha_tope_descuento\":\"2025\\/03\\/02\",\"active\":1,\"stock\":\"0\",\"link_map\":[{\"ubication\":\"Chorrera\",\"link\":\"\"}],\"prioridad\":\"3\",\"img_array_url\":[\"https:\\/\\/api.tarjetajovendiamante.com\\/storage\\/images\\/ofertas\\/2024_03_27\\/\\/TdI9iAWSUex9afkWhEEZ8TgzBFd4ZKP5maCvErEo.jpg\"],\"updated_at\":\"2024-03-27T15:54:21.000000Z\",\"created_at\":\"2024-03-27T15:54:21.000000Z\",\"id\":137}','2024-03-27 15:54:22','2024-03-27 15:54:22',664,'ofertas','137'),(18324,'Se creo una nueva oferta','','{\"price_total\":\"0\",\"descuento\":\"15\",\"description\":\"-<b>15% de descuento<\\/b> en&nbsp;Instalaci\\u00f3n , mantenimiento y Reparaci\\u00f3n de todo tipo de electrodom\\u00e9sticos.-\",\"comercio_id\":\"738\",\"nombre\":\"MT Solutions\",\"fecha_tope_descuento\":\"2025\\/03\\/02\",\"active\":1,\"stock\":\"0\",\"link_map\":[{\"ubication\":\"Chorrera\",\"link\":\"\"}],\"prioridad\":\"3\",\"img_array_url\":[\"https:\\/\\/api.tarjetajovendiamante.com\\/storage\\/images\\/ofertas\\/2024_03_27\\/\\/TdI9iAWSUex9afkWhEEZ8TgzBFd4ZKP5maCvErEo.jpg\"],\"updated_at\":\"2024-03-27T15:54:21.000000Z\",\"created_at\":\"2024-03-27T15:54:21.000000Z\",\"id\":137}','2024-03-27 15:54:22','2024-03-27 15:54:22',665,'ofertas','137'),(18325,'Se creo una nueva oferta','','{\"price_total\":\"0\",\"descuento\":\"15\",\"description\":\"-<b>15% de descuento<\\/b> en&nbsp;Instalaci\\u00f3n , mantenimiento y Reparaci\\u00f3n de todo tipo de electrodom\\u00e9sticos.-\",\"comercio_id\":\"738\",\"nombre\":\"MT Solutions\",\"fecha_tope_descuento\":\"2025\\/03\\/02\",\"active\":1,\"stock\":\"0\",\"link_map\":[{\"ubication\":\"Chorrera\",\"link\":\"\"}],\"prioridad\":\"3\",\"img_array_url\":[\"https:\\/\\/api.tarjetajovendiamante.com\\/storage\\/images\\/ofertas\\/2024_03_27\\/\\/TdI9iAWSUex9afkWhEEZ8TgzBFd4ZKP5maCvErEo.jpg\"],\"updated_at\":\"2024-03-27T15:54:21.000000Z\",\"created_at\":\"2024-03-27T15:54:21.000000Z\",\"id\":137}','2024-03-27 15:54:22','2024-03-27 15:54:22',666,'ofertas','137'),(18326,'Se creo una nueva oferta','','{\"price_total\":\"0\",\"descuento\":\"15\",\"description\":\"-<b>15% de descuento<\\/b> en&nbsp;Instalaci\\u00f3n , mantenimiento y Reparaci\\u00f3n de todo tipo de electrodom\\u00e9sticos.-\",\"comercio_id\":\"738\",\"nombre\":\"MT Solutions\",\"fecha_tope_descuento\":\"2025\\/03\\/02\",\"active\":1,\"stock\":\"0\",\"link_map\":[{\"ubication\":\"Chorrera\",\"link\":\"\"}],\"prioridad\":\"3\",\"img_array_url\":[\"https:\\/\\/api.tarjetajovendiamante.com\\/storage\\/images\\/ofertas\\/2024_03_27\\/\\/TdI9iAWSUex9afkWhEEZ8TgzBFd4ZKP5maCvErEo.jpg\"],\"updated_at\":\"2024-03-27T15:54:21.000000Z\",\"created_at\":\"2024-03-27T15:54:21.000000Z\",\"id\":137}','2024-03-27 15:54:22','2024-03-27 15:54:22',667,'ofertas','137'),(18328,'Se creo una nueva oferta','','{\"price_total\":\"0\",\"descuento\":\"15\",\"description\":\"-<b>15% de descuento<\\/b> en&nbsp;Instalaci\\u00f3n , mantenimiento y Reparaci\\u00f3n de todo tipo de electrodom\\u00e9sticos.-\",\"comercio_id\":\"738\",\"nombre\":\"MT Solutions\",\"fecha_tope_descuento\":\"2025\\/03\\/02\",\"active\":1,\"stock\":\"0\",\"link_map\":[{\"ubication\":\"Chorrera\",\"link\":\"\"}],\"prioridad\":\"3\",\"img_array_url\":[\"https:\\/\\/api.tarjetajovendiamante.com\\/storage\\/images\\/ofertas\\/2024_03_27\\/\\/TdI9iAWSUex9afkWhEEZ8TgzBFd4ZKP5maCvErEo.jpg\"],\"updated_at\":\"2024-03-27T15:54:21.000000Z\",\"created_at\":\"2024-03-27T15:54:21.000000Z\",\"id\":137}','2024-03-27 15:54:22','2024-03-27 15:54:22',669,'ofertas','137'),(18329,'Se creo una nueva oferta','','{\"price_total\":\"0\",\"descuento\":\"15\",\"description\":\"-<b>15% de descuento<\\/b> en&nbsp;Instalaci\\u00f3n , mantenimiento y Reparaci\\u00f3n de todo tipo de electrodom\\u00e9sticos.-\",\"comercio_id\":\"738\",\"nombre\":\"MT Solutions\",\"fecha_tope_descuento\":\"2025\\/03\\/02\",\"active\":1,\"stock\":\"0\",\"link_map\":[{\"ubication\":\"Chorrera\",\"link\":\"\"}],\"prioridad\":\"3\",\"img_array_url\":[\"https:\\/\\/api.tarjetajovendiamante.com\\/storage\\/images\\/ofertas\\/2024_03_27\\/\\/TdI9iAWSUex9afkWhEEZ8TgzBFd4ZKP5maCvErEo.jpg\"],\"updated_at\":\"2024-03-27T15:54:21.000000Z\",\"created_at\":\"2024-03-27T15:54:21.000000Z\",\"id\":137}','2024-03-27 15:54:22','2024-03-27 15:54:22',670,'ofertas','137'),(18330,'Se creo una nueva oferta','','{\"price_total\":\"0\",\"descuento\":\"15\",\"description\":\"-<b>15% de descuento<\\/b> en&nbsp;Instalaci\\u00f3n , mantenimiento y Reparaci\\u00f3n de todo tipo de electrodom\\u00e9sticos.-\",\"comercio_id\":\"738\",\"nombre\":\"MT Solutions\",\"fecha_tope_descuento\":\"2025\\/03\\/02\",\"active\":1,\"stock\":\"0\",\"link_map\":[{\"ubication\":\"Chorrera\",\"link\":\"\"}],\"prioridad\":\"3\",\"img_array_url\":[\"https:\\/\\/api.tarjetajovendiamante.com\\/storage\\/images\\/ofertas\\/2024_03_27\\/\\/TdI9iAWSUex9afkWhEEZ8TgzBFd4ZKP5maCvErEo.jpg\"],\"updated_at\":\"2024-03-27T15:54:21.000000Z\",\"created_at\":\"2024-03-27T15:54:21.000000Z\",\"id\":137}','2024-03-27 15:54:22','2024-03-27 15:54:22',671,'ofertas','137'),(18331,'Se creo una nueva oferta','','{\"price_total\":\"0\",\"descuento\":\"15\",\"description\":\"-<b>15% de descuento<\\/b> en&nbsp;Instalaci\\u00f3n , mantenimiento y Reparaci\\u00f3n de todo tipo de electrodom\\u00e9sticos.-\",\"comercio_id\":\"738\",\"nombre\":\"MT Solutions\",\"fecha_tope_descuento\":\"2025\\/03\\/02\",\"active\":1,\"stock\":\"0\",\"link_map\":[{\"ubication\":\"Chorrera\",\"link\":\"\"}],\"prioridad\":\"3\",\"img_array_url\":[\"https:\\/\\/api.tarjetajovendiamante.com\\/storage\\/images\\/ofertas\\/2024_03_27\\/\\/TdI9iAWSUex9afkWhEEZ8TgzBFd4ZKP5maCvErEo.jpg\"],\"updated_at\":\"2024-03-27T15:54:21.000000Z\",\"created_at\":\"2024-03-27T15:54:21.000000Z\",\"id\":137}','2024-03-27 15:54:22','2024-03-27 15:54:22',672,'ofertas','137'),(18332,'Se creo una nueva oferta','','{\"price_total\":\"0\",\"descuento\":\"15\",\"description\":\"-<b>15% de descuento<\\/b> en&nbsp;Instalaci\\u00f3n , mantenimiento y Reparaci\\u00f3n de todo tipo de electrodom\\u00e9sticos.-\",\"comercio_id\":\"738\",\"nombre\":\"MT Solutions\",\"fecha_tope_descuento\":\"2025\\/03\\/02\",\"active\":1,\"stock\":\"0\",\"link_map\":[{\"ubication\":\"Chorrera\",\"link\":\"\"}],\"prioridad\":\"3\",\"img_array_url\":[\"https:\\/\\/api.tarjetajovendiamante.com\\/storage\\/images\\/ofertas\\/2024_03_27\\/\\/TdI9iAWSUex9afkWhEEZ8TgzBFd4ZKP5maCvErEo.jpg\"],\"updated_at\":\"2024-03-27T15:54:21.000000Z\",\"created_at\":\"2024-03-27T15:54:21.000000Z\",\"id\":137}','2024-03-27 15:54:22','2024-03-27 15:54:22',673,'ofertas','137'),(18333,'Se creo una nueva oferta','','{\"price_total\":\"0\",\"descuento\":\"15\",\"description\":\"-<b>15% de descuento<\\/b> en&nbsp;Instalaci\\u00f3n , mantenimiento y Reparaci\\u00f3n de todo tipo de electrodom\\u00e9sticos.-\",\"comercio_id\":\"738\",\"nombre\":\"MT Solutions\",\"fecha_tope_descuento\":\"2025\\/03\\/02\",\"active\":1,\"stock\":\"0\",\"link_map\":[{\"ubication\":\"Chorrera\",\"link\":\"\"}],\"prioridad\":\"3\",\"img_array_url\":[\"https:\\/\\/api.tarjetajovendiamante.com\\/storage\\/images\\/ofertas\\/2024_03_27\\/\\/TdI9iAWSUex9afkWhEEZ8TgzBFd4ZKP5maCvErEo.jpg\"],\"updated_at\":\"2024-03-27T15:54:21.000000Z\",\"created_at\":\"2024-03-27T15:54:21.000000Z\",\"id\":137}','2024-03-27 15:54:22','2024-03-27 15:54:22',674,'ofertas','137'),(18334,'Se creo una nueva oferta','','{\"price_total\":\"0\",\"descuento\":\"15\",\"description\":\"-<b>15% de descuento<\\/b> en&nbsp;Instalaci\\u00f3n , mantenimiento y Reparaci\\u00f3n de todo tipo de electrodom\\u00e9sticos.-\",\"comercio_id\":\"738\",\"nombre\":\"MT Solutions\",\"fecha_tope_descuento\":\"2025\\/03\\/02\",\"active\":1,\"stock\":\"0\",\"link_map\":[{\"ubication\":\"Chorrera\",\"link\":\"\"}],\"prioridad\":\"3\",\"img_array_url\":[\"https:\\/\\/api.tarjetajovendiamante.com\\/storage\\/images\\/ofertas\\/2024_03_27\\/\\/TdI9iAWSUex9afkWhEEZ8TgzBFd4ZKP5maCvErEo.jpg\"],\"updated_at\":\"2024-03-27T15:54:21.000000Z\",\"created_at\":\"2024-03-27T15:54:21.000000Z\",\"id\":137}','2024-03-27 15:54:22','2024-03-27 15:54:22',675,'ofertas','137'),(18335,'Se creo una nueva oferta','','{\"price_total\":\"0\",\"descuento\":\"15\",\"description\":\"-<b>15% de descuento<\\/b> en&nbsp;Instalaci\\u00f3n , mantenimiento y Reparaci\\u00f3n de todo tipo de electrodom\\u00e9sticos.-\",\"comercio_id\":\"738\",\"nombre\":\"MT Solutions\",\"fecha_tope_descuento\":\"2025\\/03\\/02\",\"active\":1,\"stock\":\"0\",\"link_map\":[{\"ubication\":\"Chorrera\",\"link\":\"\"}],\"prioridad\":\"3\",\"img_array_url\":[\"https:\\/\\/api.tarjetajovendiamante.com\\/storage\\/images\\/ofertas\\/2024_03_27\\/\\/TdI9iAWSUex9afkWhEEZ8TgzBFd4ZKP5maCvErEo.jpg\"],\"updated_at\":\"2024-03-27T15:54:21.000000Z\",\"created_at\":\"2024-03-27T15:54:21.000000Z\",\"id\":137}','2024-03-27 15:54:22','2024-03-27 15:54:22',676,'ofertas','137'),(18336,'Se creo una nueva oferta','','{\"price_total\":\"0\",\"descuento\":\"15\",\"description\":\"-<b>15% de descuento<\\/b> en&nbsp;Instalaci\\u00f3n , mantenimiento y Reparaci\\u00f3n de todo tipo de electrodom\\u00e9sticos.-\",\"comercio_id\":\"738\",\"nombre\":\"MT Solutions\",\"fecha_tope_descuento\":\"2025\\/03\\/02\",\"active\":1,\"stock\":\"0\",\"link_map\":[{\"ubication\":\"Chorrera\",\"link\":\"\"}],\"prioridad\":\"3\",\"img_array_url\":[\"https:\\/\\/api.tarjetajovendiamante.com\\/storage\\/images\\/ofertas\\/2024_03_27\\/\\/TdI9iAWSUex9afkWhEEZ8TgzBFd4ZKP5maCvErEo.jpg\"],\"updated_at\":\"2024-03-27T15:54:21.000000Z\",\"created_at\":\"2024-03-27T15:54:21.000000Z\",\"id\":137}','2024-03-27 15:54:22','2024-03-27 15:54:22',677,'ofertas','137'),(18337,'Se creo una nueva oferta','','{\"price_total\":\"0\",\"descuento\":\"15\",\"description\":\"-<b>15% de descuento<\\/b> en&nbsp;Instalaci\\u00f3n , mantenimiento y Reparaci\\u00f3n de todo tipo de electrodom\\u00e9sticos.-\",\"comercio_id\":\"738\",\"nombre\":\"MT Solutions\",\"fecha_tope_descuento\":\"2025\\/03\\/02\",\"active\":1,\"stock\":\"0\",\"link_map\":[{\"ubication\":\"Chorrera\",\"link\":\"\"}],\"prioridad\":\"3\",\"img_array_url\":[\"https:\\/\\/api.tarjetajovendiamante.com\\/storage\\/images\\/ofertas\\/2024_03_27\\/\\/TdI9iAWSUex9afkWhEEZ8TgzBFd4ZKP5maCvErEo.jpg\"],\"updated_at\":\"2024-03-27T15:54:21.000000Z\",\"created_at\":\"2024-03-27T15:54:21.000000Z\",\"id\":137}','2024-03-27 15:54:22','2024-03-27 15:54:22',678,'ofertas','137'),(18338,'Se creo una nueva oferta','','{\"price_total\":\"0\",\"descuento\":\"15\",\"description\":\"-<b>15% de descuento<\\/b> en&nbsp;Instalaci\\u00f3n , mantenimiento y Reparaci\\u00f3n de todo tipo de electrodom\\u00e9sticos.-\",\"comercio_id\":\"738\",\"nombre\":\"MT Solutions\",\"fecha_tope_descuento\":\"2025\\/03\\/02\",\"active\":1,\"stock\":\"0\",\"link_map\":[{\"ubication\":\"Chorrera\",\"link\":\"\"}],\"prioridad\":\"3\",\"img_array_url\":[\"https:\\/\\/api.tarjetajovendiamante.com\\/storage\\/images\\/ofertas\\/2024_03_27\\/\\/TdI9iAWSUex9afkWhEEZ8TgzBFd4ZKP5maCvErEo.jpg\"],\"updated_at\":\"2024-03-27T15:54:21.000000Z\",\"created_at\":\"2024-03-27T15:54:21.000000Z\",\"id\":137}','2024-03-27 15:54:22','2024-03-27 15:54:22',679,'ofertas','137'),(18339,'Se creo una nueva oferta','','{\"price_total\":\"0\",\"descuento\":\"15\",\"description\":\"-<b>15% de descuento<\\/b> en&nbsp;Instalaci\\u00f3n , mantenimiento y Reparaci\\u00f3n de todo tipo de electrodom\\u00e9sticos.-\",\"comercio_id\":\"738\",\"nombre\":\"MT Solutions\",\"fecha_tope_descuento\":\"2025\\/03\\/02\",\"active\":1,\"stock\":\"0\",\"link_map\":[{\"ubication\":\"Chorrera\",\"link\":\"\"}],\"prioridad\":\"3\",\"img_array_url\":[\"https:\\/\\/api.tarjetajovendiamante.com\\/storage\\/images\\/ofertas\\/2024_03_27\\/\\/TdI9iAWSUex9afkWhEEZ8TgzBFd4ZKP5maCvErEo.jpg\"],\"updated_at\":\"2024-03-27T15:54:21.000000Z\",\"created_at\":\"2024-03-27T15:54:21.000000Z\",\"id\":137}','2024-03-27 15:54:22','2024-03-27 15:54:22',680,'ofertas','137'),(18340,'Se creo una nueva oferta','','{\"price_total\":\"0\",\"descuento\":\"15\",\"description\":\"-<b>15% de descuento<\\/b> en&nbsp;Instalaci\\u00f3n , mantenimiento y Reparaci\\u00f3n de todo tipo de electrodom\\u00e9sticos.-\",\"comercio_id\":\"738\",\"nombre\":\"MT Solutions\",\"fecha_tope_descuento\":\"2025\\/03\\/02\",\"active\":1,\"stock\":\"0\",\"link_map\":[{\"ubication\":\"Chorrera\",\"link\":\"\"}],\"prioridad\":\"3\",\"img_array_url\":[\"https:\\/\\/api.tarjetajovendiamante.com\\/storage\\/images\\/ofertas\\/2024_03_27\\/\\/TdI9iAWSUex9afkWhEEZ8TgzBFd4ZKP5maCvErEo.jpg\"],\"updated_at\":\"2024-03-27T15:54:21.000000Z\",\"created_at\":\"2024-03-27T15:54:21.000000Z\",\"id\":137}','2024-03-27 15:54:22','2024-03-27 15:54:22',681,'ofertas','137'),(18341,'Se creo una nueva oferta','','{\"price_total\":\"0\",\"descuento\":\"15\",\"description\":\"-<b>15% de descuento<\\/b> en&nbsp;Instalaci\\u00f3n , mantenimiento y Reparaci\\u00f3n de todo tipo de electrodom\\u00e9sticos.-\",\"comercio_id\":\"738\",\"nombre\":\"MT Solutions\",\"fecha_tope_descuento\":\"2025\\/03\\/02\",\"active\":1,\"stock\":\"0\",\"link_map\":[{\"ubication\":\"Chorrera\",\"link\":\"\"}],\"prioridad\":\"3\",\"img_array_url\":[\"https:\\/\\/api.tarjetajovendiamante.com\\/storage\\/images\\/ofertas\\/2024_03_27\\/\\/TdI9iAWSUex9afkWhEEZ8TgzBFd4ZKP5maCvErEo.jpg\"],\"updated_at\":\"2024-03-27T15:54:21.000000Z\",\"created_at\":\"2024-03-27T15:54:21.000000Z\",\"id\":137}','2024-03-27 15:54:22','2024-03-27 15:54:22',682,'ofertas','137'),(18342,'Se creo una nueva oferta','','{\"price_total\":\"0\",\"descuento\":\"15\",\"description\":\"-<b>15% de descuento<\\/b> en&nbsp;Instalaci\\u00f3n , mantenimiento y Reparaci\\u00f3n de todo tipo de electrodom\\u00e9sticos.-\",\"comercio_id\":\"738\",\"nombre\":\"MT Solutions\",\"fecha_tope_descuento\":\"2025\\/03\\/02\",\"active\":1,\"stock\":\"0\",\"link_map\":[{\"ubication\":\"Chorrera\",\"link\":\"\"}],\"prioridad\":\"3\",\"img_array_url\":[\"https:\\/\\/api.tarjetajovendiamante.com\\/storage\\/images\\/ofertas\\/2024_03_27\\/\\/TdI9iAWSUex9afkWhEEZ8TgzBFd4ZKP5maCvErEo.jpg\"],\"updated_at\":\"2024-03-27T15:54:21.000000Z\",\"created_at\":\"2024-03-27T15:54:21.000000Z\",\"id\":137}','2024-03-27 15:54:22','2024-03-27 15:54:22',683,'ofertas','137'),(18343,'Se creo una nueva oferta','','{\"price_total\":\"0\",\"descuento\":\"15\",\"description\":\"-<b>15% de descuento<\\/b> en&nbsp;Instalaci\\u00f3n , mantenimiento y Reparaci\\u00f3n de todo tipo de electrodom\\u00e9sticos.-\",\"comercio_id\":\"738\",\"nombre\":\"MT Solutions\",\"fecha_tope_descuento\":\"2025\\/03\\/02\",\"active\":1,\"stock\":\"0\",\"link_map\":[{\"ubication\":\"Chorrera\",\"link\":\"\"}],\"prioridad\":\"3\",\"img_array_url\":[\"https:\\/\\/api.tarjetajovendiamante.com\\/storage\\/images\\/ofertas\\/2024_03_27\\/\\/TdI9iAWSUex9afkWhEEZ8TgzBFd4ZKP5maCvErEo.jpg\"],\"updated_at\":\"2024-03-27T15:54:21.000000Z\",\"created_at\":\"2024-03-27T15:54:21.000000Z\",\"id\":137}','2024-03-27 15:54:22','2024-03-27 15:54:22',684,'ofertas','137'),(18344,'Se creo una nueva oferta','','{\"price_total\":\"0\",\"descuento\":\"15\",\"description\":\"-<b>15% de descuento<\\/b> en&nbsp;Instalaci\\u00f3n , mantenimiento y Reparaci\\u00f3n de todo tipo de electrodom\\u00e9sticos.-\",\"comercio_id\":\"738\",\"nombre\":\"MT Solutions\",\"fecha_tope_descuento\":\"2025\\/03\\/02\",\"active\":1,\"stock\":\"0\",\"link_map\":[{\"ubication\":\"Chorrera\",\"link\":\"\"}],\"prioridad\":\"3\",\"img_array_url\":[\"https:\\/\\/api.tarjetajovendiamante.com\\/storage\\/images\\/ofertas\\/2024_03_27\\/\\/TdI9iAWSUex9afkWhEEZ8TgzBFd4ZKP5maCvErEo.jpg\"],\"updated_at\":\"2024-03-27T15:54:21.000000Z\",\"created_at\":\"2024-03-27T15:54:21.000000Z\",\"id\":137}','2024-03-27 15:54:22','2024-03-27 15:54:22',685,'ofertas','137'),(18345,'Se creo una nueva oferta','','{\"price_total\":\"0\",\"descuento\":\"15\",\"description\":\"-<b>15% de descuento<\\/b> en&nbsp;Instalaci\\u00f3n , mantenimiento y Reparaci\\u00f3n de todo tipo de electrodom\\u00e9sticos.-\",\"comercio_id\":\"738\",\"nombre\":\"MT Solutions\",\"fecha_tope_descuento\":\"2025\\/03\\/02\",\"active\":1,\"stock\":\"0\",\"link_map\":[{\"ubication\":\"Chorrera\",\"link\":\"\"}],\"prioridad\":\"3\",\"img_array_url\":[\"https:\\/\\/api.tarjetajovendiamante.com\\/storage\\/images\\/ofertas\\/2024_03_27\\/\\/TdI9iAWSUex9afkWhEEZ8TgzBFd4ZKP5maCvErEo.jpg\"],\"updated_at\":\"2024-03-27T15:54:21.000000Z\",\"created_at\":\"2024-03-27T15:54:21.000000Z\",\"id\":137}','2024-03-27 15:54:22','2024-03-27 15:54:22',686,'ofertas','137'),(18346,'Se creo una nueva oferta','','{\"price_total\":\"0\",\"descuento\":\"15\",\"description\":\"-<b>15% de descuento<\\/b> en&nbsp;Instalaci\\u00f3n , mantenimiento y Reparaci\\u00f3n de todo tipo de electrodom\\u00e9sticos.-\",\"comercio_id\":\"738\",\"nombre\":\"MT Solutions\",\"fecha_tope_descuento\":\"2025\\/03\\/02\",\"active\":1,\"stock\":\"0\",\"link_map\":[{\"ubication\":\"Chorrera\",\"link\":\"\"}],\"prioridad\":\"3\",\"img_array_url\":[\"https:\\/\\/api.tarjetajovendiamante.com\\/storage\\/images\\/ofertas\\/2024_03_27\\/\\/TdI9iAWSUex9afkWhEEZ8TgzBFd4ZKP5maCvErEo.jpg\"],\"updated_at\":\"2024-03-27T15:54:21.000000Z\",\"created_at\":\"2024-03-27T15:54:21.000000Z\",\"id\":137}','2024-03-27 15:54:22','2024-03-27 15:54:22',687,'ofertas','137'),(18347,'Se creo una nueva oferta','','{\"price_total\":\"0\",\"descuento\":\"15\",\"description\":\"-<b>15% de descuento<\\/b> en&nbsp;Instalaci\\u00f3n , mantenimiento y Reparaci\\u00f3n de todo tipo de electrodom\\u00e9sticos.-\",\"comercio_id\":\"738\",\"nombre\":\"MT Solutions\",\"fecha_tope_descuento\":\"2025\\/03\\/02\",\"active\":1,\"stock\":\"0\",\"link_map\":[{\"ubication\":\"Chorrera\",\"link\":\"\"}],\"prioridad\":\"3\",\"img_array_url\":[\"https:\\/\\/api.tarjetajovendiamante.com\\/storage\\/images\\/ofertas\\/2024_03_27\\/\\/TdI9iAWSUex9afkWhEEZ8TgzBFd4ZKP5maCvErEo.jpg\"],\"updated_at\":\"2024-03-27T15:54:21.000000Z\",\"created_at\":\"2024-03-27T15:54:21.000000Z\",\"id\":137}','2024-03-27 15:54:22','2024-03-27 15:54:22',688,'ofertas','137'),(18348,'Se creo una nueva oferta','','{\"price_total\":\"0\",\"descuento\":\"15\",\"description\":\"-<b>15% de descuento<\\/b> en&nbsp;Instalaci\\u00f3n , mantenimiento y Reparaci\\u00f3n de todo tipo de electrodom\\u00e9sticos.-\",\"comercio_id\":\"738\",\"nombre\":\"MT Solutions\",\"fecha_tope_descuento\":\"2025\\/03\\/02\",\"active\":1,\"stock\":\"0\",\"link_map\":[{\"ubication\":\"Chorrera\",\"link\":\"\"}],\"prioridad\":\"3\",\"img_array_url\":[\"https:\\/\\/api.tarjetajovendiamante.com\\/storage\\/images\\/ofertas\\/2024_03_27\\/\\/TdI9iAWSUex9afkWhEEZ8TgzBFd4ZKP5maCvErEo.jpg\"],\"updated_at\":\"2024-03-27T15:54:21.000000Z\",\"created_at\":\"2024-03-27T15:54:21.000000Z\",\"id\":137}','2024-03-27 15:54:22','2024-03-27 15:54:22',692,'ofertas','137'),(18349,'Se creo una nueva oferta','','{\"price_total\":\"0\",\"descuento\":\"15\",\"description\":\"-<b>15% de descuento<\\/b> en&nbsp;Instalaci\\u00f3n , mantenimiento y Reparaci\\u00f3n de todo tipo de electrodom\\u00e9sticos.-\",\"comercio_id\":\"738\",\"nombre\":\"MT Solutions\",\"fecha_tope_descuento\":\"2025\\/03\\/02\",\"active\":1,\"stock\":\"0\",\"link_map\":[{\"ubication\":\"Chorrera\",\"link\":\"\"}],\"prioridad\":\"3\",\"img_array_url\":[\"https:\\/\\/api.tarjetajovendiamante.com\\/storage\\/images\\/ofertas\\/2024_03_27\\/\\/TdI9iAWSUex9afkWhEEZ8TgzBFd4ZKP5maCvErEo.jpg\"],\"updated_at\":\"2024-03-27T15:54:21.000000Z\",\"created_at\":\"2024-03-27T15:54:21.000000Z\",\"id\":137}','2024-03-27 15:54:22','2024-03-27 15:54:22',693,'ofertas','137'),(18350,'Se creo una nueva oferta','','{\"price_total\":\"0\",\"descuento\":\"15\",\"description\":\"-<b>15% de descuento<\\/b> en&nbsp;Instalaci\\u00f3n , mantenimiento y Reparaci\\u00f3n de todo tipo de electrodom\\u00e9sticos.-\",\"comercio_id\":\"738\",\"nombre\":\"MT Solutions\",\"fecha_tope_descuento\":\"2025\\/03\\/02\",\"active\":1,\"stock\":\"0\",\"link_map\":[{\"ubication\":\"Chorrera\",\"link\":\"\"}],\"prioridad\":\"3\",\"img_array_url\":[\"https:\\/\\/api.tarjetajovendiamante.com\\/storage\\/images\\/ofertas\\/2024_03_27\\/\\/TdI9iAWSUex9afkWhEEZ8TgzBFd4ZKP5maCvErEo.jpg\"],\"updated_at\":\"2024-03-27T15:54:21.000000Z\",\"created_at\":\"2024-03-27T15:54:21.000000Z\",\"id\":137}','2024-03-27 15:54:22','2024-03-27 15:54:22',694,'ofertas','137'),(18351,'Se creo una nueva oferta','','{\"price_total\":\"0\",\"descuento\":\"15\",\"description\":\"-<b>15% de descuento<\\/b> en&nbsp;Instalaci\\u00f3n , mantenimiento y Reparaci\\u00f3n de todo tipo de electrodom\\u00e9sticos.-\",\"comercio_id\":\"738\",\"nombre\":\"MT Solutions\",\"fecha_tope_descuento\":\"2025\\/03\\/02\",\"active\":1,\"stock\":\"0\",\"link_map\":[{\"ubication\":\"Chorrera\",\"link\":\"\"}],\"prioridad\":\"3\",\"img_array_url\":[\"https:\\/\\/api.tarjetajovendiamante.com\\/storage\\/images\\/ofertas\\/2024_03_27\\/\\/TdI9iAWSUex9afkWhEEZ8TgzBFd4ZKP5maCvErEo.jpg\"],\"updated_at\":\"2024-03-27T15:54:21.000000Z\",\"created_at\":\"2024-03-27T15:54:21.000000Z\",\"id\":137}','2024-03-27 15:54:22','2024-03-27 15:54:22',695,'ofertas','137'),(18352,'Se creo una nueva oferta','','{\"price_total\":\"0\",\"descuento\":\"15\",\"description\":\"-<b>15% de descuento<\\/b> en&nbsp;Instalaci\\u00f3n , mantenimiento y Reparaci\\u00f3n de todo tipo de electrodom\\u00e9sticos.-\",\"comercio_id\":\"738\",\"nombre\":\"MT Solutions\",\"fecha_tope_descuento\":\"2025\\/03\\/02\",\"active\":1,\"stock\":\"0\",\"link_map\":[{\"ubication\":\"Chorrera\",\"link\":\"\"}],\"prioridad\":\"3\",\"img_array_url\":[\"https:\\/\\/api.tarjetajovendiamante.com\\/storage\\/images\\/ofertas\\/2024_03_27\\/\\/TdI9iAWSUex9afkWhEEZ8TgzBFd4ZKP5maCvErEo.jpg\"],\"updated_at\":\"2024-03-27T15:54:21.000000Z\",\"created_at\":\"2024-03-27T15:54:21.000000Z\",\"id\":137}','2024-03-27 15:54:22','2024-03-27 15:54:22',696,'ofertas','137'),(18353,'Se creo una nueva oferta','','{\"price_total\":\"0\",\"descuento\":\"15\",\"description\":\"-<b>15% de descuento<\\/b> en&nbsp;Instalaci\\u00f3n , mantenimiento y Reparaci\\u00f3n de todo tipo de electrodom\\u00e9sticos.-\",\"comercio_id\":\"738\",\"nombre\":\"MT Solutions\",\"fecha_tope_descuento\":\"2025\\/03\\/02\",\"active\":1,\"stock\":\"0\",\"link_map\":[{\"ubication\":\"Chorrera\",\"link\":\"\"}],\"prioridad\":\"3\",\"img_array_url\":[\"https:\\/\\/api.tarjetajovendiamante.com\\/storage\\/images\\/ofertas\\/2024_03_27\\/\\/TdI9iAWSUex9afkWhEEZ8TgzBFd4ZKP5maCvErEo.jpg\"],\"updated_at\":\"2024-03-27T15:54:21.000000Z\",\"created_at\":\"2024-03-27T15:54:21.000000Z\",\"id\":137}','2024-03-27 15:54:22','2024-03-27 15:54:22',697,'ofertas','137'),(18354,'Se creo una nueva oferta','','{\"price_total\":\"0\",\"descuento\":\"15\",\"description\":\"-<b>15% de descuento<\\/b> en&nbsp;Instalaci\\u00f3n , mantenimiento y Reparaci\\u00f3n de todo tipo de electrodom\\u00e9sticos.-\",\"comercio_id\":\"738\",\"nombre\":\"MT Solutions\",\"fecha_tope_descuento\":\"2025\\/03\\/02\",\"active\":1,\"stock\":\"0\",\"link_map\":[{\"ubication\":\"Chorrera\",\"link\":\"\"}],\"prioridad\":\"3\",\"img_array_url\":[\"https:\\/\\/api.tarjetajovendiamante.com\\/storage\\/images\\/ofertas\\/2024_03_27\\/\\/TdI9iAWSUex9afkWhEEZ8TgzBFd4ZKP5maCvErEo.jpg\"],\"updated_at\":\"2024-03-27T15:54:21.000000Z\",\"created_at\":\"2024-03-27T15:54:21.000000Z\",\"id\":137}','2024-03-27 15:54:22','2024-03-27 15:54:22',698,'ofertas','137'),(18355,'Se creo una nueva oferta','','{\"price_total\":\"0\",\"descuento\":\"15\",\"description\":\"-<b>15% de descuento<\\/b> en&nbsp;Instalaci\\u00f3n , mantenimiento y Reparaci\\u00f3n de todo tipo de electrodom\\u00e9sticos.-\",\"comercio_id\":\"738\",\"nombre\":\"MT Solutions\",\"fecha_tope_descuento\":\"2025\\/03\\/02\",\"active\":1,\"stock\":\"0\",\"link_map\":[{\"ubication\":\"Chorrera\",\"link\":\"\"}],\"prioridad\":\"3\",\"img_array_url\":[\"https:\\/\\/api.tarjetajovendiamante.com\\/storage\\/images\\/ofertas\\/2024_03_27\\/\\/TdI9iAWSUex9afkWhEEZ8TgzBFd4ZKP5maCvErEo.jpg\"],\"updated_at\":\"2024-03-27T15:54:21.000000Z\",\"created_at\":\"2024-03-27T15:54:21.000000Z\",\"id\":137}','2024-03-27 15:54:22','2024-03-27 15:54:22',699,'ofertas','137'),(18356,'Se creo una nueva oferta','','{\"price_total\":\"0\",\"descuento\":\"15\",\"description\":\"-<b>15% de descuento<\\/b> en&nbsp;Instalaci\\u00f3n , mantenimiento y Reparaci\\u00f3n de todo tipo de electrodom\\u00e9sticos.-\",\"comercio_id\":\"738\",\"nombre\":\"MT Solutions\",\"fecha_tope_descuento\":\"2025\\/03\\/02\",\"active\":1,\"stock\":\"0\",\"link_map\":[{\"ubication\":\"Chorrera\",\"link\":\"\"}],\"prioridad\":\"3\",\"img_array_url\":[\"https:\\/\\/api.tarjetajovendiamante.com\\/storage\\/images\\/ofertas\\/2024_03_27\\/\\/TdI9iAWSUex9afkWhEEZ8TgzBFd4ZKP5maCvErEo.jpg\"],\"updated_at\":\"2024-03-27T15:54:21.000000Z\",\"created_at\":\"2024-03-27T15:54:21.000000Z\",\"id\":137}','2024-03-27 15:54:22','2024-03-27 15:54:22',704,'ofertas','137'),(18357,'Se creo una nueva oferta','','{\"price_total\":\"0\",\"descuento\":\"15\",\"description\":\"-<b>15% de descuento<\\/b> en&nbsp;Instalaci\\u00f3n , mantenimiento y Reparaci\\u00f3n de todo tipo de electrodom\\u00e9sticos.-\",\"comercio_id\":\"738\",\"nombre\":\"MT Solutions\",\"fecha_tope_descuento\":\"2025\\/03\\/02\",\"active\":1,\"stock\":\"0\",\"link_map\":[{\"ubication\":\"Chorrera\",\"link\":\"\"}],\"prioridad\":\"3\",\"img_array_url\":[\"https:\\/\\/api.tarjetajovendiamante.com\\/storage\\/images\\/ofertas\\/2024_03_27\\/\\/TdI9iAWSUex9afkWhEEZ8TgzBFd4ZKP5maCvErEo.jpg\"],\"updated_at\":\"2024-03-27T15:54:21.000000Z\",\"created_at\":\"2024-03-27T15:54:21.000000Z\",\"id\":137}','2024-03-27 15:54:22','2024-03-27 15:54:22',710,'ofertas','137'),(18358,'Se creo una nueva oferta','','{\"price_total\":\"0\",\"descuento\":\"15\",\"description\":\"-<b>15% de descuento<\\/b> en&nbsp;Instalaci\\u00f3n , mantenimiento y Reparaci\\u00f3n de todo tipo de electrodom\\u00e9sticos.-\",\"comercio_id\":\"738\",\"nombre\":\"MT Solutions\",\"fecha_tope_descuento\":\"2025\\/03\\/02\",\"active\":1,\"stock\":\"0\",\"link_map\":[{\"ubication\":\"Chorrera\",\"link\":\"\"}],\"prioridad\":\"3\",\"img_array_url\":[\"https:\\/\\/api.tarjetajovendiamante.com\\/storage\\/images\\/ofertas\\/2024_03_27\\/\\/TdI9iAWSUex9afkWhEEZ8TgzBFd4ZKP5maCvErEo.jpg\"],\"updated_at\":\"2024-03-27T15:54:21.000000Z\",\"created_at\":\"2024-03-27T15:54:21.000000Z\",\"id\":137}','2024-03-27 15:54:22','2024-03-27 15:54:22',711,'ofertas','137'),(18359,'Se creo una nueva oferta','','{\"price_total\":\"0\",\"descuento\":\"15\",\"description\":\"-<b>15% de descuento<\\/b> en&nbsp;Instalaci\\u00f3n , mantenimiento y Reparaci\\u00f3n de todo tipo de electrodom\\u00e9sticos.-\",\"comercio_id\":\"738\",\"nombre\":\"MT Solutions\",\"fecha_tope_descuento\":\"2025\\/03\\/02\",\"active\":1,\"stock\":\"0\",\"link_map\":[{\"ubication\":\"Chorrera\",\"link\":\"\"}],\"prioridad\":\"3\",\"img_array_url\":[\"https:\\/\\/api.tarjetajovendiamante.com\\/storage\\/images\\/ofertas\\/2024_03_27\\/\\/TdI9iAWSUex9afkWhEEZ8TgzBFd4ZKP5maCvErEo.jpg\"],\"updated_at\":\"2024-03-27T15:54:21.000000Z\",\"created_at\":\"2024-03-27T15:54:21.000000Z\",\"id\":137}','2024-03-27 15:54:22','2024-03-27 15:54:22',712,'ofertas','137'),(18360,'Se creo una nueva oferta','','{\"price_total\":\"0\",\"descuento\":\"15\",\"description\":\"-<b>15% de descuento<\\/b> en&nbsp;Instalaci\\u00f3n , mantenimiento y Reparaci\\u00f3n de todo tipo de electrodom\\u00e9sticos.-\",\"comercio_id\":\"738\",\"nombre\":\"MT Solutions\",\"fecha_tope_descuento\":\"2025\\/03\\/02\",\"active\":1,\"stock\":\"0\",\"link_map\":[{\"ubication\":\"Chorrera\",\"link\":\"\"}],\"prioridad\":\"3\",\"img_array_url\":[\"https:\\/\\/api.tarjetajovendiamante.com\\/storage\\/images\\/ofertas\\/2024_03_27\\/\\/TdI9iAWSUex9afkWhEEZ8TgzBFd4ZKP5maCvErEo.jpg\"],\"updated_at\":\"2024-03-27T15:54:21.000000Z\",\"created_at\":\"2024-03-27T15:54:21.000000Z\",\"id\":137}','2024-03-27 15:54:22','2024-03-27 15:54:22',713,'ofertas','137'),(18361,'Se creo una nueva oferta','','{\"price_total\":\"0\",\"descuento\":\"15\",\"description\":\"-<b>15% de descuento<\\/b> en&nbsp;Instalaci\\u00f3n , mantenimiento y Reparaci\\u00f3n de todo tipo de electrodom\\u00e9sticos.-\",\"comercio_id\":\"738\",\"nombre\":\"MT Solutions\",\"fecha_tope_descuento\":\"2025\\/03\\/02\",\"active\":1,\"stock\":\"0\",\"link_map\":[{\"ubication\":\"Chorrera\",\"link\":\"\"}],\"prioridad\":\"3\",\"img_array_url\":[\"https:\\/\\/api.tarjetajovendiamante.com\\/storage\\/images\\/ofertas\\/2024_03_27\\/\\/TdI9iAWSUex9afkWhEEZ8TgzBFd4ZKP5maCvErEo.jpg\"],\"updated_at\":\"2024-03-27T15:54:21.000000Z\",\"created_at\":\"2024-03-27T15:54:21.000000Z\",\"id\":137}','2024-03-27 15:54:22','2024-03-27 15:54:22',714,'ofertas','137'),(18362,'Se creo una nueva oferta','','{\"price_total\":\"0\",\"descuento\":\"15\",\"description\":\"-<b>15% de descuento<\\/b> en&nbsp;Instalaci\\u00f3n , mantenimiento y Reparaci\\u00f3n de todo tipo de electrodom\\u00e9sticos.-\",\"comercio_id\":\"738\",\"nombre\":\"MT Solutions\",\"fecha_tope_descuento\":\"2025\\/03\\/02\",\"active\":1,\"stock\":\"0\",\"link_map\":[{\"ubication\":\"Chorrera\",\"link\":\"\"}],\"prioridad\":\"3\",\"img_array_url\":[\"https:\\/\\/api.tarjetajovendiamante.com\\/storage\\/images\\/ofertas\\/2024_03_27\\/\\/TdI9iAWSUex9afkWhEEZ8TgzBFd4ZKP5maCvErEo.jpg\"],\"updated_at\":\"2024-03-27T15:54:21.000000Z\",\"created_at\":\"2024-03-27T15:54:21.000000Z\",\"id\":137}','2024-03-27 15:54:22','2024-03-27 15:54:22',715,'ofertas','137'),(18363,'Se creo una nueva oferta','','{\"price_total\":\"0\",\"descuento\":\"15\",\"description\":\"-<b>15% de descuento<\\/b> en&nbsp;Instalaci\\u00f3n , mantenimiento y Reparaci\\u00f3n de todo tipo de electrodom\\u00e9sticos.-\",\"comercio_id\":\"738\",\"nombre\":\"MT Solutions\",\"fecha_tope_descuento\":\"2025\\/03\\/02\",\"active\":1,\"stock\":\"0\",\"link_map\":[{\"ubication\":\"Chorrera\",\"link\":\"\"}],\"prioridad\":\"3\",\"img_array_url\":[\"https:\\/\\/api.tarjetajovendiamante.com\\/storage\\/images\\/ofertas\\/2024_03_27\\/\\/TdI9iAWSUex9afkWhEEZ8TgzBFd4ZKP5maCvErEo.jpg\"],\"updated_at\":\"2024-03-27T15:54:21.000000Z\",\"created_at\":\"2024-03-27T15:54:21.000000Z\",\"id\":137}','2024-03-27 15:54:22','2024-03-27 15:54:22',716,'ofertas','137'),(18364,'Se creo una nueva oferta','','{\"price_total\":\"0\",\"descuento\":\"15\",\"description\":\"-<b>15% de descuento<\\/b> en&nbsp;Instalaci\\u00f3n , mantenimiento y Reparaci\\u00f3n de todo tipo de electrodom\\u00e9sticos.-\",\"comercio_id\":\"738\",\"nombre\":\"MT Solutions\",\"fecha_tope_descuento\":\"2025\\/03\\/02\",\"active\":1,\"stock\":\"0\",\"link_map\":[{\"ubication\":\"Chorrera\",\"link\":\"\"}],\"prioridad\":\"3\",\"img_array_url\":[\"https:\\/\\/api.tarjetajovendiamante.com\\/storage\\/images\\/ofertas\\/2024_03_27\\/\\/TdI9iAWSUex9afkWhEEZ8TgzBFd4ZKP5maCvErEo.jpg\"],\"updated_at\":\"2024-03-27T15:54:21.000000Z\",\"created_at\":\"2024-03-27T15:54:21.000000Z\",\"id\":137}','2024-03-27 15:54:22','2024-03-27 15:54:22',717,'ofertas','137'),(18365,'Se creo una nueva oferta','','{\"price_total\":\"0\",\"descuento\":\"15\",\"description\":\"-<b>15% de descuento<\\/b> en&nbsp;Instalaci\\u00f3n , mantenimiento y Reparaci\\u00f3n de todo tipo de electrodom\\u00e9sticos.-\",\"comercio_id\":\"738\",\"nombre\":\"MT Solutions\",\"fecha_tope_descuento\":\"2025\\/03\\/02\",\"active\":1,\"stock\":\"0\",\"link_map\":[{\"ubication\":\"Chorrera\",\"link\":\"\"}],\"prioridad\":\"3\",\"img_array_url\":[\"https:\\/\\/api.tarjetajovendiamante.com\\/storage\\/images\\/ofertas\\/2024_03_27\\/\\/TdI9iAWSUex9afkWhEEZ8TgzBFd4ZKP5maCvErEo.jpg\"],\"updated_at\":\"2024-03-27T15:54:21.000000Z\",\"created_at\":\"2024-03-27T15:54:21.000000Z\",\"id\":137}','2024-03-27 15:54:22','2024-03-27 15:54:22',718,'ofertas','137'),(18366,'Se creo una nueva oferta','','{\"price_total\":\"0\",\"descuento\":\"15\",\"description\":\"-<b>15% de descuento<\\/b> en&nbsp;Instalaci\\u00f3n , mantenimiento y Reparaci\\u00f3n de todo tipo de electrodom\\u00e9sticos.-\",\"comercio_id\":\"738\",\"nombre\":\"MT Solutions\",\"fecha_tope_descuento\":\"2025\\/03\\/02\",\"active\":1,\"stock\":\"0\",\"link_map\":[{\"ubication\":\"Chorrera\",\"link\":\"\"}],\"prioridad\":\"3\",\"img_array_url\":[\"https:\\/\\/api.tarjetajovendiamante.com\\/storage\\/images\\/ofertas\\/2024_03_27\\/\\/TdI9iAWSUex9afkWhEEZ8TgzBFd4ZKP5maCvErEo.jpg\"],\"updated_at\":\"2024-03-27T15:54:21.000000Z\",\"created_at\":\"2024-03-27T15:54:21.000000Z\",\"id\":137}','2024-03-27 15:54:22','2024-03-27 15:54:22',719,'ofertas','137'),(18367,'Se creo una nueva oferta','','{\"price_total\":\"0\",\"descuento\":\"15\",\"description\":\"-<b>15% de descuento<\\/b> en&nbsp;Instalaci\\u00f3n , mantenimiento y Reparaci\\u00f3n de todo tipo de electrodom\\u00e9sticos.-\",\"comercio_id\":\"738\",\"nombre\":\"MT Solutions\",\"fecha_tope_descuento\":\"2025\\/03\\/02\",\"active\":1,\"stock\":\"0\",\"link_map\":[{\"ubication\":\"Chorrera\",\"link\":\"\"}],\"prioridad\":\"3\",\"img_array_url\":[\"https:\\/\\/api.tarjetajovendiamante.com\\/storage\\/images\\/ofertas\\/2024_03_27\\/\\/TdI9iAWSUex9afkWhEEZ8TgzBFd4ZKP5maCvErEo.jpg\"],\"updated_at\":\"2024-03-27T15:54:21.000000Z\",\"created_at\":\"2024-03-27T15:54:21.000000Z\",\"id\":137}','2024-03-27 15:54:22','2024-03-27 15:54:22',720,'ofertas','137'),(18368,'Se creo una nueva oferta','','{\"price_total\":\"0\",\"descuento\":\"15\",\"description\":\"-<b>15% de descuento<\\/b> en&nbsp;Instalaci\\u00f3n , mantenimiento y Reparaci\\u00f3n de todo tipo de electrodom\\u00e9sticos.-\",\"comercio_id\":\"738\",\"nombre\":\"MT Solutions\",\"fecha_tope_descuento\":\"2025\\/03\\/02\",\"active\":1,\"stock\":\"0\",\"link_map\":[{\"ubication\":\"Chorrera\",\"link\":\"\"}],\"prioridad\":\"3\",\"img_array_url\":[\"https:\\/\\/api.tarjetajovendiamante.com\\/storage\\/images\\/ofertas\\/2024_03_27\\/\\/TdI9iAWSUex9afkWhEEZ8TgzBFd4ZKP5maCvErEo.jpg\"],\"updated_at\":\"2024-03-27T15:54:21.000000Z\",\"created_at\":\"2024-03-27T15:54:21.000000Z\",\"id\":137}','2024-03-27 15:54:22','2024-03-27 15:54:22',721,'ofertas','137'),(18369,'Se creo una nueva oferta','','{\"price_total\":\"0\",\"descuento\":\"15\",\"description\":\"-<b>15% de descuento<\\/b> en&nbsp;Instalaci\\u00f3n , mantenimiento y Reparaci\\u00f3n de todo tipo de electrodom\\u00e9sticos.-\",\"comercio_id\":\"738\",\"nombre\":\"MT Solutions\",\"fecha_tope_descuento\":\"2025\\/03\\/02\",\"active\":1,\"stock\":\"0\",\"link_map\":[{\"ubication\":\"Chorrera\",\"link\":\"\"}],\"prioridad\":\"3\",\"img_array_url\":[\"https:\\/\\/api.tarjetajovendiamante.com\\/storage\\/images\\/ofertas\\/2024_03_27\\/\\/TdI9iAWSUex9afkWhEEZ8TgzBFd4ZKP5maCvErEo.jpg\"],\"updated_at\":\"2024-03-27T15:54:21.000000Z\",\"created_at\":\"2024-03-27T15:54:21.000000Z\",\"id\":137}','2024-03-27 15:54:22','2024-03-27 15:54:22',722,'ofertas','137'),(18370,'Se creo una nueva oferta','','{\"price_total\":\"0\",\"descuento\":\"15\",\"description\":\"-<b>15% de descuento<\\/b> en&nbsp;Instalaci\\u00f3n , mantenimiento y Reparaci\\u00f3n de todo tipo de electrodom\\u00e9sticos.-\",\"comercio_id\":\"738\",\"nombre\":\"MT Solutions\",\"fecha_tope_descuento\":\"2025\\/03\\/02\",\"active\":1,\"stock\":\"0\",\"link_map\":[{\"ubication\":\"Chorrera\",\"link\":\"\"}],\"prioridad\":\"3\",\"img_array_url\":[\"https:\\/\\/api.tarjetajovendiamante.com\\/storage\\/images\\/ofertas\\/2024_03_27\\/\\/TdI9iAWSUex9afkWhEEZ8TgzBFd4ZKP5maCvErEo.jpg\"],\"updated_at\":\"2024-03-27T15:54:21.000000Z\",\"created_at\":\"2024-03-27T15:54:21.000000Z\",\"id\":137}','2024-03-27 15:54:22','2024-03-27 15:54:22',723,'ofertas','137'),(18371,'Se creo una nueva oferta','','{\"price_total\":\"0\",\"descuento\":\"15\",\"description\":\"-<b>15% de descuento<\\/b> en&nbsp;Instalaci\\u00f3n , mantenimiento y Reparaci\\u00f3n de todo tipo de electrodom\\u00e9sticos.-\",\"comercio_id\":\"738\",\"nombre\":\"MT Solutions\",\"fecha_tope_descuento\":\"2025\\/03\\/02\",\"active\":1,\"stock\":\"0\",\"link_map\":[{\"ubication\":\"Chorrera\",\"link\":\"\"}],\"prioridad\":\"3\",\"img_array_url\":[\"https:\\/\\/api.tarjetajovendiamante.com\\/storage\\/images\\/ofertas\\/2024_03_27\\/\\/TdI9iAWSUex9afkWhEEZ8TgzBFd4ZKP5maCvErEo.jpg\"],\"updated_at\":\"2024-03-27T15:54:21.000000Z\",\"created_at\":\"2024-03-27T15:54:21.000000Z\",\"id\":137}','2024-03-27 15:54:22','2024-03-27 15:54:22',724,'ofertas','137'),(18372,'Se creo una nueva oferta','','{\"price_total\":\"0\",\"descuento\":\"15\",\"description\":\"-<b>15% de descuento<\\/b> en&nbsp;Instalaci\\u00f3n , mantenimiento y Reparaci\\u00f3n de todo tipo de electrodom\\u00e9sticos.-\",\"comercio_id\":\"738\",\"nombre\":\"MT Solutions\",\"fecha_tope_descuento\":\"2025\\/03\\/02\",\"active\":1,\"stock\":\"0\",\"link_map\":[{\"ubication\":\"Chorrera\",\"link\":\"\"}],\"prioridad\":\"3\",\"img_array_url\":[\"https:\\/\\/api.tarjetajovendiamante.com\\/storage\\/images\\/ofertas\\/2024_03_27\\/\\/TdI9iAWSUex9afkWhEEZ8TgzBFd4ZKP5maCvErEo.jpg\"],\"updated_at\":\"2024-03-27T15:54:21.000000Z\",\"created_at\":\"2024-03-27T15:54:21.000000Z\",\"id\":137}','2024-03-27 15:54:22','2024-03-27 15:54:22',725,'ofertas','137'),(18373,'Se creo una nueva oferta','','{\"price_total\":\"0\",\"descuento\":\"15\",\"description\":\"-<b>15% de descuento<\\/b> en&nbsp;Instalaci\\u00f3n , mantenimiento y Reparaci\\u00f3n de todo tipo de electrodom\\u00e9sticos.-\",\"comercio_id\":\"738\",\"nombre\":\"MT Solutions\",\"fecha_tope_descuento\":\"2025\\/03\\/02\",\"active\":1,\"stock\":\"0\",\"link_map\":[{\"ubication\":\"Chorrera\",\"link\":\"\"}],\"prioridad\":\"3\",\"img_array_url\":[\"https:\\/\\/api.tarjetajovendiamante.com\\/storage\\/images\\/ofertas\\/2024_03_27\\/\\/TdI9iAWSUex9afkWhEEZ8TgzBFd4ZKP5maCvErEo.jpg\"],\"updated_at\":\"2024-03-27T15:54:21.000000Z\",\"created_at\":\"2024-03-27T15:54:21.000000Z\",\"id\":137}','2024-03-27 15:54:22','2024-03-27 15:54:22',728,'ofertas','137'),(18374,'Se creo una nueva oferta','','{\"price_total\":\"0\",\"descuento\":\"15\",\"description\":\"-<b>15% de descuento<\\/b> en&nbsp;Instalaci\\u00f3n , mantenimiento y Reparaci\\u00f3n de todo tipo de electrodom\\u00e9sticos.-\",\"comercio_id\":\"738\",\"nombre\":\"MT Solutions\",\"fecha_tope_descuento\":\"2025\\/03\\/02\",\"active\":1,\"stock\":\"0\",\"link_map\":[{\"ubication\":\"Chorrera\",\"link\":\"\"}],\"prioridad\":\"3\",\"img_array_url\":[\"https:\\/\\/api.tarjetajovendiamante.com\\/storage\\/images\\/ofertas\\/2024_03_27\\/\\/TdI9iAWSUex9afkWhEEZ8TgzBFd4ZKP5maCvErEo.jpg\"],\"updated_at\":\"2024-03-27T15:54:21.000000Z\",\"created_at\":\"2024-03-27T15:54:21.000000Z\",\"id\":137}','2024-03-27 15:54:22','2024-03-27 15:54:22',729,'ofertas','137'),(18375,'Se creo una nueva oferta','','{\"price_total\":\"0\",\"descuento\":\"15\",\"description\":\"-<b>15% de descuento<\\/b> en&nbsp;Instalaci\\u00f3n , mantenimiento y Reparaci\\u00f3n de todo tipo de electrodom\\u00e9sticos.-\",\"comercio_id\":\"738\",\"nombre\":\"MT Solutions\",\"fecha_tope_descuento\":\"2025\\/03\\/02\",\"active\":1,\"stock\":\"0\",\"link_map\":[{\"ubication\":\"Chorrera\",\"link\":\"\"}],\"prioridad\":\"3\",\"img_array_url\":[\"https:\\/\\/api.tarjetajovendiamante.com\\/storage\\/images\\/ofertas\\/2024_03_27\\/\\/TdI9iAWSUex9afkWhEEZ8TgzBFd4ZKP5maCvErEo.jpg\"],\"updated_at\":\"2024-03-27T15:54:21.000000Z\",\"created_at\":\"2024-03-27T15:54:21.000000Z\",\"id\":137}','2024-03-27 15:54:22','2024-03-27 15:54:22',731,'ofertas','137');

--
-- Table structure for table `ofertas_comercios`
--

CREATE TABLE `ofertas_comercios` (
  `id` bigint unsigned NOT NULL AUTO_INCREMENT,
  `img_array_url` text CHARACTER SET utf8mb4 COLLATE utf8mb4_unicode_ci,
  `price_total` double(30,2) NOT NULL DEFAULT '0.00',
  `descuento` double(30,2) NOT NULL DEFAULT '0.00',
  `description` text CHARACTER SET utf8mb4 COLLATE utf8mb4_unicode_ci,
  `nombre` varchar(250) CHARACTER SET utf8mb4 COLLATE utf8mb4_unicode_ci NOT NULL,
  `fecha_tope_descuento` date DEFAULT NULL,
  `active` tinyint(1) NOT NULL DEFAULT '1',
  `comercio_id` bigint unsigned DEFAULT NULL,
  `created_at` timestamp NULL DEFAULT NULL,
  `updated_at` timestamp NULL DEFAULT NULL,
  `stock` double(30,2) NOT NULL DEFAULT '0.00',
  `link_map` text CHARACTER SET utf8mb4 COLLATE utf8mb4_unicode_ci,
  `dir` varchar(250) CHARACTER SET utf8mb4 COLLATE utf8mb4_unicode_ci NOT NULL,
  `prioridad` int unsigned NOT NULL DEFAULT '0',
  PRIMARY KEY (`id`),
  UNIQUE KEY `ofertas_comercios_nombre_unique` (`nombre`),
  KEY `ofertas_comercios_comercio_id_foreign` (`comercio_id`),
  CONSTRAINT `ofertas_comercios_comercio_id_foreign` FOREIGN KEY (`comercio_id`) REFERENCES `users` (`id`)
) ENGINE=InnoDB AUTO_INCREMENT=138 DEFAULT CHARSET=utf8mb4 COLLATE=utf8mb4_unicode_ci;

--
-- Dumping data for table `ofertas_comercios`
--

INSERT INTO `ofertas_comercios` VALUES (26,'[\"https:\\/\\/res.cloudinary.com\\/phoenix-tech-sa\\/image\\/upload\\/v1682024307\\/tarjeta_joven\\/hddrkl1mor8hh5zmlooq.png\",\"https:\\/\\/res.cloudinary.com\\/phoenix-tech-sa\\/image\\/upload\\/v1682024307\\/tarjeta_joven\\/hddrkl1mor8hh5zmlooq.png\",\"https:\\/\\/res.cloudinary.com\\/phoenix-tech-sa\\/image\\/upload\\/v1682024307\\/tarjeta_joven\\/hddrkl1mor8hh5zmlooq.png\",\"https:\\/\\/res.cloudinary.com\\/phoenix-tech-sa\\/image\\/upload\\/v1682024307\\/tarjeta_joven\\/hddrkl1mor8hh5zmlooq.png\"]',0.00,20.00,'- Consulta de cortesía\n- 20% de descuento en confección de receta\n- 20% al 30% en aros de marca\n- Consulta de oftalmología 50.00\n- Confección en el segundo par de lentes 25% de descuento','Optimax','2027-12-18',1,94,'2023-04-20 23:58:28','2023-12-18 23:58:20',1.00,'[{\"ubication\":\"Panam\\u00e1\",\"link\":\"https:\\/\\/goo.gl\\/maps\\/RXnw3wBahf5d1cmB8\"}]','',2),(27,'[\"https:\\/\\/res.cloudinary.com\\/phoenix-tech-sa\\/image\\/upload\\/v1682024770\\/tarjeta_joven\\/wmcf9xrjssvkntcdf3nh.png\"]',0.00,0.00,'Recibe un desde un 15% a 30% de descuento cursos de ingles.','Natural English','2033-10-11',1,95,'2023-04-21 00:05:46','2023-04-30 02:12:37',0.00,'[{\"ubication\":\"Panam\\u00e1\",\"link\":\"https:\\/\\/goo.gl\\/maps\\/RSVeq1Bguzrd6yJ87\"}]','',0),(28,'[\"https:\\/\\/res.cloudinary.com\\/phoenix-tech-sa\\/image\\/upload\\/v1682025361\\/tarjeta_joven\\/x7ynpeqynlvcak3oirla.png\"]',0.00,0.00,'- Consulta 7.50\n- 20% de descuento en laboratorios\n- 20% de descuento en servicios de enfermería\n- Electrocardiograma 20.00','Centro médico Anel II','2032-06-15',1,96,'2023-04-21 00:16:02','2023-04-30 02:11:48',0.00,'[{\"ubication\":\"Panam\\u00e1\",\"link\":\"https:\\/\\/goo.gl\\/maps\\/gbZZr8gXkSoHKjXP6\"}]','',0),(29,'\"[\\\"https:\\/\\/res.cloudinary.com\\/phoenix-tech-sa\\/image\\/upload\\/v1682026539\\/tarjeta_joven\\/jvlsvhmdfcoxxxk8we3l.png\\\"]\"',0.00,25.00,'<div style=\"text-align: center;\">-<b>25% de descuento </b>y evaluación de cortesía<b> gratis</b>-</div>','Óptica Ibarra','2029-09-21',1,97,'2023-04-21 00:30:14','2024-01-05 20:29:04',0.00,'[{\"ubication\":\"Panamá\",\"link\":\"https://goo.gl/maps/og3onf3g5McUSE9P9\"}]','',0),(30,'[\"https:\\/\\/res.cloudinary.com\\/phoenix-tech-sa\\/image\\/upload\\/v1682026963\\/tarjeta_joven\\/d5pgddpjdsje6lthzzwh.png\"]',0.00,0.00,'20% de descuento en anillos de graduación - joyas personalizadas - reparaciones','Koko Jewerly desing','2028-09-20',1,98,'2023-04-21 00:42:45','2023-04-30 02:09:07',0.00,'[{\"ubication\":\"Panam\\u00e1\",\"link\":\"https:\\/\\/goo.gl\\/maps\\/yfGB1PDj82iHDNN76\"}]','',0),(31,'[\"https:\\/\\/res.cloudinary.com\\/phoenix-tech-sa\\/image\\/upload\\/v1682112136\\/tarjeta_joven\\/dkqvjq0zdwbai3tnjmgz.png\"]',0.00,0.00,'-10% de descuento en ginecología y obstétrica\n-10 % ultrasonido ginecología','Ginecología','2023-11-21',1,107,'2023-04-22 00:22:18','2023-05-06 00:00:28',0.00,'[{\"ubication\":\"Chiriqu\\u00ed\",\"link\":\"https:\\/\\/goo.gl\\/maps\\/NwSoW63Ph1HPXY948\"}]','',2),(32,'[\"https:\\/\\/res.cloudinary.com\\/phoenix-tech-sa\\/image\\/upload\\/v1682181507\\/tarjeta_joven\\/zsz5nxo03o6ce2ydp5gj.png\"]',0.00,0.00,'-Paquete de 3 sesiones con un 15% de descuento-','Sesión de terapia a domicilio','2023-10-28',1,120,'2023-04-22 19:38:29','2023-05-05 23:00:02',0.00,'[{\"ubication\":\"Chorrera\",\"link\":null}]','',1),(34,'[\"https:\\/\\/res.cloudinary.com\\/phoenix-tech-sa\\/image\\/upload\\/v1682195875\\/tarjeta_joven\\/d7g568vqefoyvbvl8qxk.jpg\"]',0.00,0.00,'-15% de descuento con tu membresía-','Funeraria','2023-11-23',1,132,'2023-04-22 23:37:56','2023-04-30 02:15:22',0.00,'[{\"ubication\":\"Col\\u00f3n\",\"link\":\"https:\\/\\/goo.gl\\/maps\\/3Cgv1aSUhtyVXpR19\"}]','',0),(35,'[\"https:\\/\\/res.cloudinary.com\\/phoenix-tech-sa\\/image\\/upload\\/v1682196134\\/tarjeta_joven\\/xdcy50meqrzthpchxhfu.png\"]',0.00,0.00,'-10% en laboratorios, -5% en ultrasonidos, 5% tele consultas, -5% consultas domiciliarias, -5% en Consultas de Medicina General','Clínica','2023-10-23',1,135,'2023-04-22 23:42:16','2023-04-30 02:14:44',0.00,'[{\"ubication\":\"Chiriqu\\u00ed\",\"link\":\"https:\\/\\/goo.gl\\/maps\\/yHJbgrdEyp5rQaZL9\"}]','',0),(36,'[\"https:\\/\\/res.cloudinary.com\\/phoenix-tech-sa\\/image\\/upload\\/v1685739779\\/tarjeta_joven\\/mr2cawelcstlciad4cfd.png\"]',0.00,0.00,'-20% de descuento-','Dentis','2029-10-23',1,186,'2023-04-30 01:24:52','2023-06-02 21:03:01',0.00,'[{\"ubication\":\"Chorrera\",\"link\":\"https:\\/\\/goo.gl\\/maps\\/YDuda91TztM1Tst27\"}]','',3),(37,'[\"https:\\/\\/res.cloudinary.com\\/phoenix-tech-sa\\/image\\/upload\\/v1682808750\\/tarjeta_joven\\/tiadjwhph9gksa6msz9u.jpg\"]',0.00,0.00,'10% servicio completo (corte, barba y masacrilma)\n10% compra de productos','R- Torres Barber Shop','2031-09-29',1,184,'2023-04-30 01:52:31','2023-04-30 01:52:31',0.00,'[{\"ubication\":\"Panam\\u00e1\",\"link\":\"https:\\/\\/goo.gl\\/maps\\/iE38Eva2f1hTGyJb8\"}]','',0),(38,'[\"https:\\/\\/res.cloudinary.com\\/phoenix-tech-sa\\/image\\/upload\\/v1682808829\\/tarjeta_joven\\/mqr71dx46yhyhbn7f3qd.png\"]',0.00,0.00,'-15% de descuento de accesorios de celular\n5% de descuento en equipo de celular-','Cell Android','2027-09-29',1,185,'2023-04-30 01:53:51','2023-05-05 19:22:48',0.00,'[{\"ubication\":\"Chorrera\",\"link\":\"https:\\/\\/goo.gl\\/maps\\/hK8283ji2ngFWs4x6\"}]','',4),(39,'[\"https:\\/\\/res.cloudinary.com\\/phoenix-tech-sa\\/image\\/upload\\/v1682809137\\/tarjeta_joven\\/ddzuzogvw2bzgmtyuhbw.png\"]',0.00,0.00,'Examen de vista gratis \n30% de descuento en Mayo\nHasta el 15 de mayo Aro y receta 2x1','Óptica city visión, S.A:','2028-09-29',1,189,'2023-04-30 01:58:58','2023-04-30 01:58:58',0.00,'[{\"ubication\":\"Col\\u00f3n\",\"link\":\"https:\\/\\/goo.gl\\/maps\\/XTgw8Me2iQFsY2YW8\"}]','',0),(40,'[\"https:\\/\\/res.cloudinary.com\\/phoenix-tech-sa\\/image\\/upload\\/v1682809436\\/tarjeta_joven\\/umzenjsetbvgw4igrdh5.jpg\"]',0.00,0.00,'10% de descuento en servicios\nAsociado que inicie un plan de tratamiento analgésico, relajante y reductor 15% de descuento','Centro Lem','2029-09-29',1,190,'2023-04-30 02:03:57','2023-04-30 02:03:57',0.00,'[{\"ubication\":\"Chiriqu\\u00ed\",\"link\":\"https:\\/\\/goo.gl\\/maps\\/4BPeARyyYV5tuTJE9\"}]','',0),(41,'[\"https:\\/\\/res.cloudinary.com\\/phoenix-tech-sa\\/image\\/upload\\/v1683301430\\/tarjeta_joven\\/tc1tig69dag7hfaatfcp.jpg\"]',0.00,0.00,'-10% de descuento en pruebas de laboratorio locales, no aplica para otras promociones, ni descuentos y tampoco en pruebas internacionales-','Laboratorio clínico Sel lab','2025-05-05',1,198,'2023-05-05 18:43:52','2023-05-05 18:43:52',0.00,'[{\"ubication\":\"Chiriqu\\u00ed\",\"link\":\"https:\\/\\/goo.gl\\/maps\\/RRZ1K86iLxn4pSyQ8\"}]','',2),(44,'[\"https:\\/\\/res.cloudinary.com\\/phoenix-tech-sa\\/image\\/upload\\/v1683303539\\/tarjeta_joven\\/humaqzidgbbomnljez3j.jpg\"]',0.00,0.00,'-20% de descuento en medicina \"Lunes, Martes, Jueves, Viernes y Domingo\" & 25% Miércoles y Sábado \n20% en nutrientes (vitaminas y minerales) todos los días-','PharmaYes','2025-05-05',1,206,'2023-05-05 19:19:01','2023-05-05 19:19:01',0.00,'[{\"ubication\":\"Chorrera\",\"link\":\"https:\\/\\/goo.gl\\/maps\\/2RJE7Z4kTQeXwF1ZA\"}]','',1),(45,'[\"https:\\/\\/res.cloudinary.com\\/phoenix-tech-sa\\/image\\/upload\\/v1683314043\\/tarjeta_joven\\/wxjenhtnzcon4rxaji8e.jpg\"]',0.00,0.00,'-5 % de descuento a la hora de pagar tu hospedaje-','Cabañas Money','2024-05-05',1,207,'2023-05-05 22:14:05','2023-05-05 22:14:05',0.00,'[{\"ubication\":\"Cocl\\u00e9\",\"link\":null}]','',3),(46,'[\"https:\\/\\/res.cloudinary.com\\/phoenix-tech-sa\\/image\\/upload\\/v1683314254\\/tarjeta_joven\\/v30xhmssk4837tmg2d3x.jpg\"]',0.00,0.00,'-10% de descuento-','Centro Médico Los Andes','2023-05-05',1,201,'2023-05-05 22:17:36','2023-05-05 22:17:36',0.00,'[{\"ubication\":\"Panam\\u00e1\",\"link\":\"https:\\/\\/goo.gl\\/maps\\/vociX6vT581UFWEP9\"}]','',3),(47,'[\"https:\\/\\/res.cloudinary.com\\/phoenix-tech-sa\\/image\\/upload\\/v1683314408\\/tarjeta_joven\\/z1seqe1sx9ab7mufdar7.jpg\"]',0.00,0.00,'-15 % de descuento-','Clínica Balmoral','2025-05-05',1,152,'2023-05-05 22:20:10','2023-05-05 22:21:33',0.00,'[{\"ubication\":\"Panam\\u00e1\",\"link\":\"https:\\/\\/goo.gl\\/maps\\/77wfRavKQe6238Ht5\"}]','',3),(48,'[\"https:\\/\\/res.cloudinary.com\\/phoenix-tech-sa\\/image\\/upload\\/v1683315253\\/tarjeta_joven\\/inkh07ght0it1guf2pnc.jpg\"]',0.00,0.00,'-20% de descuento en limpieza-','Dental Clinic NG','2023-05-05',1,204,'2023-05-05 22:34:15','2023-05-05 22:34:15',0.00,'[{\"ubication\":\"Chorrera\",\"link\":\"https:\\/\\/goo.gl\\/maps\\/5ckktg6wztu8YPHC9\"}]','',4),(49,'[\"https:\\/\\/res.cloudinary.com\\/phoenix-tech-sa\\/image\\/upload\\/v1683315586\\/tarjeta_joven\\/hwen9tcqyjbmllomfa4w.jpg\"]',0.00,0.00,'- 20% de descuento en compra de gafas y lentes de sol-','Clínica Óptica De La Hoz','2024-05-05',1,205,'2023-05-05 22:39:47','2023-05-06 00:02:06',0.00,'[{\"ubication\":\"Chorrera\",\"link\":\"https:\\/\\/goo.gl\\/maps\\/fsm1VQti9VQkTGfV6\"}]','',3),(50,'[\"https:\\/\\/res.cloudinary.com\\/phoenix-tech-sa\\/image\\/upload\\/v1683316776\\/tarjeta_joven\\/kpkwwhormbn0ftyjtvcf.jpg\"]',0.00,0.00,'- 20% de descuento-','La Feria del Lente','2024-05-05',1,203,'2023-05-05 22:59:38','2023-05-05 22:59:38',0.00,'[{\"ubication\":\"Chorrera\",\"link\":\"https:\\/\\/goo.gl\\/maps\\/meM52ed1Eo8nbcG56\"}]','',3),(51,'[\"https:\\/\\/res.cloudinary.com\\/phoenix-tech-sa\\/image\\/upload\\/v1683317123\\/tarjeta_joven\\/ahxtz1ahusfc5bq0lloh.jpg\"]',0.00,0.00,'-10% en piezas a bordar, sublimar, personalizar al detal\n20% en piezas a bordar sublimar e serigrafía al por mayor (12) piezas en adelante\nAl solicitar de (24) piezas en adelante para bordar, sublimar o serigrafía el arte es Gratis-','Creaciones BordaGrim','2023-05-05',1,209,'2023-05-05 23:05:25','2023-05-05 23:05:25',0.00,'[{\"ubication\":\"Panam\\u00e1\",\"link\":null}]','',7),(52,'[\"https:\\/\\/res.cloudinary.com\\/phoenix-tech-sa\\/image\\/upload\\/v1683317628\\/tarjeta_joven\\/ug7uzwqnzxq1n1jxivfw.jpg\"]',0.00,0.00,'-30% descuento en laboratorios-','MediLab','2024-07-10',1,208,'2023-05-05 23:13:49','2023-05-05 23:13:49',0.00,'[{\"ubication\":\"Chorrera\",\"link\":\"https:\\/\\/goo.gl\\/maps\\/Rf1Kh5rSWHtK3hDn7\"}]','',6),(53,'[\"https:\\/\\/res.cloudinary.com\\/phoenix-tech-sa\\/image\\/upload\\/v1683582184\\/tarjeta_joven\\/as1cv8dvwdc0oeraxbwn.jpg\"]',0.00,0.00,'-15% de descuento todos los días-','Farmacia Kathy','2025-05-08',1,188,'2023-05-09 00:43:05','2023-05-09 00:43:05',0.00,'[{\"ubication\":\"Chiriqu\\u00ed\",\"link\":\"https:\\/\\/goo.gl\\/maps\\/KpXRtcS7aPrMUUYt6\"}]','',4),(54,'[\"https:\\/\\/res.cloudinary.com\\/phoenix-tech-sa\\/image\\/upload\\/v1685049864\\/tarjeta_joven\\/hnhytdssykmndde6j0n7.jpg\"]',0.00,0.00,'-15% de descuento en todo el menú-','Pollo Grill Volcán','2024-05-25',1,262,'2023-05-25 21:24:25','2023-05-25 21:24:25',0.00,'[{\"ubication\":\"Chiriqu\\u00ed\",\"link\":\"https:\\/\\/goo.gl\\/maps\\/RJZtSs9YHr8LtMb9A\"}]','',5),(55,'[\"https:\\/\\/res.cloudinary.com\\/phoenix-tech-sa\\/image\\/upload\\/v1685049937\\/tarjeta_joven\\/tnzkdqhfdp74ttxkpgzj.jpg\"]',0.00,0.00,'-20% de descuento en todos los productos-','Fonda a tu gusto','2024-05-25',1,263,'2023-05-25 21:25:38','2023-05-25 21:25:38',0.00,'[{\"ubication\":\"Chiriqu\\u00ed\",\"link\":null}]','',6),(56,'[\"https:\\/\\/res.cloudinary.com\\/phoenix-tech-sa\\/image\\/upload\\/v1685050016\\/tarjeta_joven\\/zlfgebe7jwlqf8ern74l.jpg\"]',0.00,0.00,'-10% de descuento en servicios-','Rapi entrego','2024-05-25',1,264,'2023-05-25 21:26:57','2023-05-25 21:26:57',0.00,'[{\"ubication\":\"Chiriqu\\u00ed\",\"link\":null},{\"ubication\":\"Bocas del toro\",\"link\":null}]','',6),(57,'[\"https:\\/\\/res.cloudinary.com\\/phoenix-tech-sa\\/image\\/upload\\/v1685740406\\/tarjeta_joven\\/pswko2sevbnsxmkyp5ap.jpg\"]',0.00,0.00,'-5% de descuento en atención Odontológica general, para los miembros de Tarjeta Joven Diamante-','Centro Odontológico Dentiplus','2024-06-02',1,304,'2023-06-02 21:13:27','2023-06-02 21:13:27',0.00,'[{\"ubication\":\"Veraguas\",\"link\":\"https:\\/\\/goo.gl\\/maps\\/qXYYZLYEUgxz6rVGA\"}]','',0),(58,'[\"https:\\/\\/res.cloudinary.com\\/phoenix-tech-sa\\/image\\/upload\\/v1685741114\\/tarjeta_joven\\/ywpbl1wtirgfwcqt11uc.jpg\"]',0.00,0.00,'-5% de descuento en:\nQuiropraxia\nMasajes relajantes, reductores y deportivos\nFaciales\nFisioterapia\nPsicologìa Clìnica-','Clínica de salud física mental RT','2024-06-03',1,305,'2023-06-02 21:25:16','2023-06-02 21:25:16',0.00,'[{\"ubication\":\"Veraguas\",\"link\":\"https:\\/\\/goo.gl\\/maps\\/BvqWQ6WXNiUvFUAj7\"}]','',3),(59,'[\"https:\\/\\/res.cloudinary.com\\/phoenix-tech-sa\\/image\\/upload\\/v1686241083\\/tarjeta_joven\\/ysilqeq8kn4ywt64z0pt.jpg\"]',0.00,0.00,'-Promociones varias-','Believe in Travel','2024-06-08',1,312,'2023-06-08 16:18:04','2023-06-08 16:18:04',0.00,'[{\"ubication\":\"Chorrera\",\"link\":\"https:\\/\\/goo.gl\\/maps\\/nv5AQhQfyG4yMusx7\"}]','',1),(60,'[\"https:\\/\\/res.cloudinary.com\\/phoenix-tech-sa\\/image\\/upload\\/v1686241269\\/tarjeta_joven\\/x5lyxbtzukj1pkfvqans.jpg\"]',0.00,0.00,'-15% en accesorio y Cepillado gratis por la compra del baño-','Fuforete\'s Pet Shop','2023-06-08',1,314,'2023-06-08 16:21:11','2023-06-08 16:21:11',0.00,'[{\"ubication\":\"Panam\\u00e1\",\"link\":\"https:\\/\\/goo.gl\\/maps\\/cziVB9JNJbcMB2Kx6\"}]','',4),(61,'[\"https:\\/\\/res.cloudinary.com\\/phoenix-tech-sa\\/image\\/upload\\/v1686255432\\/tarjeta_joven\\/c939kznmqrtga4thcvlr.jpg\"]',0.00,0.00,'-15% de descuento en todos los medicamentos, todos los días-','Farmacias Jannette','2024-07-18',1,126,'2023-06-08 20:17:13','2023-06-08 20:17:13',0.00,'[{\"ubication\":\"Chiriqu\\u00ed\",\"link\":\"https:\\/\\/goo.gl\\/maps\\/RehqGvGiy5ur2ap19\"}]','',1),(63,'[\"https:\\/\\/res.cloudinary.com\\/phoenix-tech-sa\\/image\\/upload\\/v1686346331\\/tarjeta_joven\\/hvrzjza2cktjgbv3mtel.jpg\"]',0.00,0.00,'-Obtención de Diploma por primera vez: AC, ACD y ABCD con un 15% de descuento\nCurso de aprendizaje: Paquete 1, Paquete 2 y Paquete 3 con un 25% de descuento\nAmpliaciones: Tipo F, Tipo I, Tipo E1E2E3, Tipo G, Tipo H y Renovación con un 10% de descuento-','Escuela de Manejo Nueva Visión','2025-07-09',1,317,'2023-06-09 21:32:12','2023-06-09 21:32:12',0.00,'[{\"ubication\":\"Chiriqu\\u00ed\",\"link\":\"https:\\/\\/goo.gl\\/maps\\/K8hzjtNstYvBtLZa8\"}]','',3),(64,'[\"https:\\/\\/res.cloudinary.com\\/phoenix-tech-sa\\/image\\/upload\\/v1687024130\\/tarjeta_joven\\/es2ilu7gffhx6vacjzni.jpg\"]',0.00,0.00,'- 10% de descuenta en la totalidad de su compra-','Farmacias Jack','2024-06-17',1,306,'2023-06-17 17:48:51','2023-06-17 17:48:51',0.00,'[{\"ubication\":\"Veraguas\",\"link\":\"https:\\/\\/goo.gl\\/maps\\/JScXJJV4YZ5kUssY9\"}]','',3),(65,'[\"https:\\/\\/res.cloudinary.com\\/phoenix-tech-sa\\/image\\/upload\\/v1687450505\\/tarjeta_joven\\/ajqkzegcqdmvxsklcg1u.jpg\"]',0.00,0.00,'-10% de descuento en todos los exámenes de laboratorios-','Laboratorio Clínico Geenzier','2024-06-28',1,307,'2023-06-22 16:15:07','2023-06-22 16:15:07',0.00,'[{\"ubication\":\"Veraguas\",\"link\":\"https:\\/\\/ul.waze.com\\/ul?ll=8.11823100%2C-80.96698500&navigate=yes&utm_campaign=default&utm_source=waze_website&utm_medium=lm_share_location\"}]','',1),(66,'[\"https:\\/\\/res.cloudinary.com\\/phoenix-tech-sa\\/image\\/upload\\/v1687462596\\/tarjeta_joven\\/t7kc7mmb7dmvjveyyg9w.jpg\"]',0.00,0.00,'-20% de descuentos en la compra de lentes completos\nExamen gratis-','Óptica Confort Visión','2024-07-25',1,345,'2023-06-22 19:36:37','2023-06-22 19:55:46',0.00,'[{\"ubication\":\"Chorrera\",\"link\":\"https:\\/\\/goo.gl\\/maps\\/F5mBK2wZDfmtFJA26\"}]','',2),(67,'[\"https:\\/\\/res.cloudinary.com\\/phoenix-tech-sa\\/image\\/upload\\/v1687462772\\/tarjeta_joven\\/jzaoxsmhwqylvq3zl9sf.jpg\"]',0.00,0.00,'-10% de descuento en mano de obra-','Profesional West Car Service','2024-07-24',1,347,'2023-06-22 19:39:33','2023-06-22 19:57:08',0.00,'[{\"ubication\":\"Chorrera\",\"link\":\"https:\\/\\/goo.gl\\/maps\\/VyzzeYAeua9D6T8W7\"}]','',5),(68,'[\"https:\\/\\/api.tarjetajovendiamante.com\\/storage\\/images\\/ofertas\\/2024_01_04\\/\\/Wjg7B7AQpAOSgF9WLL52GjDTwZIw2oouhHzkYeyO.jpg\"]',0.00,0.00,'-10 % de descuento en hospedaje-','Mascota R','2024-07-24',1,344,'2023-06-22 19:59:06','2024-01-04 21:19:34',0.00,'[{\"ubication\":\"Panamá\",\"link\":\"#\"}]','',1),(70,'[\"https:\\/\\/res.cloudinary.com\\/phoenix-tech-sa\\/image\\/upload\\/v1688419721\\/tarjeta_joven\\/f7ghjsjgp3iqapcfjumk.jpg\"]',0.00,0.00,'-10% de descuento de Lunes a Jueves, en consumo dentro del local.-','Restaurante la Trigueñita','2024-07-12',1,373,'2023-07-03 21:28:43','2023-07-17 15:53:02',0.00,'[{\"ubication\":\"Col\\u00f3n\",\"link\":\"https:\\/\\/goo.gl\\/maps\\/9C3KrAvrgXuKC3pV7\"}]','',3),(71,'[\"https:\\/\\/api.tarjetajovendiamante.com\\/storage\\/images\\/ofertas\\/2023_10_13\\/\\/8VlaP53fvbPWm7EqSHH6g8tvA9sAlQaRNTXu1zCe.jpg\"]',0.00,0.00,'-<b>10%</b> de descuento en laboratorios-<br>-<b>10%</b> de descuento  en Odontología-<div><b>-Próximamente se ofrecerá servicios de Rayos X</b>-</div>','Clínica Carlton','2024-06-15',1,374,'2023-07-03 21:29:53','2023-10-13 22:05:39',0.00,'[{\"ubication\":\"Colón\",\"link\":\"https://maps.app.goo.gl/jSwLt9brS7kyQrjF8\"}]','',2),(72,'[\"https:\\/\\/res.cloudinary.com\\/phoenix-tech-sa\\/image\\/upload\\/v1688419847\\/tarjeta_joven\\/mpl5nnvoeuohyv0t62ps.jpg\"]',0.00,0.00,'-10% de Descuento en servicios de Limpieza, calza y extracción-','Grupo Bioclínico','2024-07-07',1,375,'2023-07-03 21:30:48','2023-07-17 15:50:16',0.00,'[{\"ubication\":\"Col\\u00f3n\",\"link\":\"https:\\/\\/goo.gl\\/maps\\/rCjD3myZTK1rBF8M6\"}]','',0),(73,'[\"https:\\/\\/res.cloudinary.com\\/phoenix-tech-sa\\/image\\/upload\\/v1688420210\\/tarjeta_joven\\/zd6rlomrkgx52pv05buk.jpg\"]',0.00,0.00,'-10% de descuento los días viernes-','Carnicería Aquilino González','2024-07-04',1,377,'2023-07-03 21:36:51','2023-07-17 15:47:47',0.00,'[{\"ubication\":\"Col\\u00f3n\",\"link\":\"https:\\/\\/goo.gl\\/maps\\/M4rCUS286dqVpH4b8\"}]','',5),(74,'[\"https:\\/\\/res.cloudinary.com\\/phoenix-tech-sa\\/image\\/upload\\/v1689969963\\/tarjeta_joven\\/o7lvypb0oyyqbmvhmzne.jpg\"]',0.00,0.00,'-10% de descuento-','D´Yerme Salon','2024-07-21',1,388,'2023-07-21 20:06:04','2023-07-21 20:06:04',0.00,'[{\"ubication\":\"Panam\\u00e1\",\"link\":\"https:\\/\\/goo.gl\\/maps\\/SdoXGq3b5tmGk4317\"}]','',3),(75,'[\"https://res.cloudinary.com/phoenix-tech-sa/image/upload/v1689970103/tarjeta_joven/dqzbj3wv33nckqegdazx.jpg\"]',0.00,15.00,'-15% de descuento-','Salud Femenina - Doctora Maria Ramirez','2024-07-25',1,389,'2023-07-21 20:08:24','2024-03-27 15:31:47',0.00,'[{\"ubication\":\"Panamá\",\"link\":\"https://ul.waze.com/ul?ll=8.97997100%2C-79.51597500&navigate=yes&utm_campaign=default&utm_source=waze_website&utm_medium=lm_share_location\"}]','',1),(76,'[\"https:\\/\\/res.cloudinary.com\\/phoenix-tech-sa\\/image\\/upload\\/v1689970281\\/tarjeta_joven\\/unzjodickctlvff0l9fn.jpg\"]',0.00,0.00,'-15% de descuento-','Farmacia Farmilyk','2024-07-21',1,390,'2023-07-21 20:11:22','2023-07-21 20:11:22',0.00,'[{\"ubication\":\"Panam\\u00e1\",\"link\":\"https:\\/\\/goo.gl\\/maps\\/krrmCrNRENji6Gbz6\"}]','',0),(77,'[\"https:\\/\\/res.cloudinary.com\\/phoenix-tech-sa\\/image\\/upload\\/v1690049625\\/tarjeta_joven\\/qbaela0loafqbgz2rcyy.jpg\"]',0.00,0.00,'-20% de descuento en servicios de belleza-','Cristy Studio','2024-07-22',1,391,'2023-07-22 18:13:46','2023-07-22 18:13:46',0.00,'[{\"ubication\":\"Col\\u00f3n\",\"link\":\"https:\\/\\/goo.gl\\/maps\\/azCLZHojjtudM9yS7\"}]','',4),(78,'[\"https:\\/\\/res.cloudinary.com\\/phoenix-tech-sa\\/image\\/upload\\/v1690049779\\/tarjeta_joven\\/dnr4ygpqmaveejyv54ww.jpg\"]',0.00,0.00,'-25% de descuento para la consulta-\n-Recibe 30% de descuento en suministro de 5 semanas de limpiador hepático y de Colon\ntotalmente orgánico con ingredientes 100% naturales.-\n--Recibe 20% de descuento en suministro de 1 semana de limpiador hepático y de Colon\ntotalmente orgánico con ingredientes 100% naturales-','Dra. Shayrah Phillips','2024-07-22',1,392,'2023-07-22 18:16:20','2023-07-22 18:16:20',0.00,'[{\"ubication\":\"Col\\u00f3n\",\"link\":\"https:\\/\\/goo.gl\\/maps\\/sLoR4GFn21Gc3HGaA\"}]','',2),(79,'[\"https:\\/\\/res.cloudinary.com\\/phoenix-tech-sa\\/image\\/upload\\/v1690049849\\/tarjeta_joven\\/wiwrvlfblvdmlcru7o09.jpg\"]',0.00,0.00,'-10% de descuento en su compra\npedidos mayores a $50 un 15% de descuento.-','Kery\'s Place','2024-07-24',1,393,'2023-07-22 18:17:30','2023-07-22 18:17:30',0.00,'[{\"ubication\":\"Col\\u00f3n\",\"link\":\"https:\\/\\/goo.gl\\/maps\\/q9ma7nvRrqq8pzrz9\"}]','',3),(80,'[\"https:\\/\\/res.cloudinary.com\\/phoenix-tech-sa\\/image\\/upload\\/v1690083976\\/tarjeta_joven\\/uhqf6qmbgyebxug8qt02.jpg\"]',0.00,0.00,'-Especial para la asociados a la membresía\npaquete quincenal 15.00\nPlan diario 2.00-','MIND Body and Resistence','2024-07-25',1,394,'2023-07-23 03:46:18','2023-07-23 03:46:18',0.00,'[{\"ubication\":\"Col\\u00f3n\",\"link\":\"https:\\/\\/goo.gl\\/maps\\/UtrS9gkXS4Fx5HaS6\"}]','',2),(81,'[\"https:\\/\\/api.tarjetajovendiamante.com\\/storage\\/images\\/ofertas\\/2023_11_17\\/\\/ZcdOunc1DKj2hMeF0VnvMO02vyJrH2YqOshWXrnP.jpg\"]',0.00,0.00,'90% de descuento en el programa cultural de capacitación bilingüe\r\nÚnico pago de 199.00','Smart Way Institute','2024-10-18',1,405,'2023-07-27 21:02:46','2023-11-17 18:24:11',0.00,'[{\"ubication\":\"Panamá\",\"link\":\"https://goo.gl/maps/u672fWdFgc9gmG7b8\"}]','',2),(85,'[\"https:\\/\\/res.cloudinary.com\\/phoenix-tech-sa\\/image\\/upload\\/v1694798462\\/tarjeta_joven\\/cfoe3q7jdxhglrutildr.jpg\"]',0.00,0.00,'-15% de descuento en cursos de manejo y trámites-','Escuela de manejo Maria Isabel','2024-09-16',1,436,'2023-09-15 17:21:03','2023-09-15 17:21:03',0.00,'[{\"ubication\":\"Panam\\u00e1\",\"link\":\"https:\\/\\/maps.app.goo.gl\\/SzbBBurKmZotku5f6\"}]','',4),(86,'\"[\\\"https:\\/\\/res.cloudinary.com\\/phoenix-tech-sa\\/image\\/upload\\/v1694798570\\/tarjeta_joven\\/cwkqy6nsrvfmvvaocbsr.jpg\\\"]\"',0.00,0.00,'-10% de descuento en llantas de poco uso y 5% de descuento en llantas nuevas-','RCT Group, S.A.','2024-09-18',1,437,'2023-09-15 17:22:51','2023-10-11 16:03:08',0.00,'[{\"ubication\":\"Panamá\",\"link\":\"https://maps.app.goo.gl/fGgsCk9PygVLSHqW8\"}]','',4),(87,'\"[\\\"https:\\/\\/res.cloudinary.com\\/phoenix-tech-sa\\/image\\/upload\\/v1694798834\\/tarjeta_joven\\/wmjyy1rafeuc66zz6zl2.jpg\\\"]\"',0.00,0.00,'-10% de descuento en productos varios-','Taller y reparaciones Tino','2024-09-16',1,438,'2023-09-15 17:27:16','2023-10-11 16:00:12',0.00,'[{\"ubication\":\"Panamá\",\"link\":\"https://maps.app.goo.gl/5SX7ykvPnjLxcKhd7\"}]','',4),(92,'[\"https:\\/\\/res.cloudinary.com\\/phoenix-tech-sa\\/image\\/upload\\/v1696526508\\/tarjeta_joven\\/zmzvhze4cr7toylswbwh.jpg\"]',0.00,0.00,'-10% de descuento en servicios de Aires Acondicionados y línea blanca-','M M Tecnica','2024-06-12',1,446,'2023-10-05 17:21:49','2023-10-05 17:21:49',0.00,'[{\"ubication\":\"Panam\\u00e1\",\"link\":null}]','',4),(108,'[\"https:\\/\\/api.tarjetajovendiamante.com\\/storage\\/images\\/ofertas\\/2023_10_16\\/\\/Mxn4VSXHaa9zqngSfnROrh6mD3GvHA9iOxxDOrxp.png\"]',0.00,0.00,'<div style=\"text-align: center;\">-<b>30% de descuento</b> en masaje terapéutico de dos caras, duración de 1 hora en cabina.-</div>','Estetica Maryot','2024-10-15',1,450,'2023-10-16 16:54:27','2023-10-16 16:54:27',0.00,'[{\"ubication\":\"Panamá\",\"link\":\"https://maps.app.goo.gl/qyAE6UWeZ5aoPqqw5\"},{\"ubication\":\"Colón\",\"link\":\"\"}]','',2),(109,'[\"https:\\/\\/api.tarjetajovendiamante.com\\/storage\\/images\\/ofertas\\/2023_11_24\\/\\/QyvQmZqhxLRQvcHGJkulS256313ZjokByD9qzjkn.jpg\"]',0.00,0.00,'-Al momento de presentar tu membresía de&nbsp;<b>Tarjeta Joven Diamante</b>&nbsp;se te otorga una limpieza dental&nbsp;<b>gratuita</b>-<br>-Las calzas tendra un precio de&nbsp;<b>20 balboas</b>&nbsp;cada una y&nbsp;<b>25 balboas</b>&nbsp;cada una-<br>-Las extracciones regulares tendren un precio de&nbsp;<b>25 balboas</b>-','Servicios Dentales Guevara','2024-11-24',1,464,'2023-11-24 20:02:09','2023-11-24 20:02:09',0.00,'[{\"ubication\":\"Panamá\",\"link\":\"https://maps.app.goo.gl/DLn4LGXeB3cRak4eA\"},{\"ubication\":\"Colón\",\"link\":\"\"}]','',1),(114,'[\"https:\\/\\/api.tarjetajovendiamante.com\\/storage\\/images\\/ofertas\\/2023_12_16\\/\\/Vo7ReaKBU4rFoegAeesga0AzIS39YGmmUz0QEZpj.png\"]',0.00,0.00,'-Tienes un <b>15%</b>&nbsp;de descuento con tu primera compra en <b>Kakkoii-</b>','Kakkoii','2024-12-21',1,533,'2023-12-16 00:05:02','2023-12-16 00:07:45',0.00,'[{\"ubication\":\"Panamá\",\"link\":\"https://maps.app.goo.gl/aao8y5kJpDrdaVrE6\"}]','',1),(116,'[\"https:\\/\\/api.tarjetajovendiamante.com\\/storage\\/images\\/ofertas\\/2023_12_16\\/\\/ES7VkG5NZDBA9C97PP3AwpoI7rK2Z7gOZ13F4X3W.png\"]',0.00,0.00,'-Tienes un&nbsp;<b>15%</b>&nbsp;de descuento con tu primera compra en&nbsp;<b>Kakkoii-</b>','Kakkoii.','2024-12-21',1,533,'2023-12-16 00:39:43','2023-12-16 00:39:43',0.00,'\"[{\\\"ubication\\\":\\\"Chorrera\\\",\\\"link\\\":\\\"https:\\/\\/maps.app.goo.gl\\/qfhmA7LAHgf79Cps5\\\"}]\"','',1),(117,'[\"https:\\/\\/api.tarjetajovendiamante.com\\/storage\\/images\\/ofertas\\/2024_01_05\\/\\/odZe8zkelmosYJbXa2UqrvDMYcSyHoPH7HtEJrxO.jpg\"]',0.00,30.00,'<div style=\"text-align: center;\">-<b>30% de descuento</b> en la primera compra con tu membresía-</div>','MARINEG','2025-01-04',1,599,'2024-01-04 15:59:13','2024-01-05 20:27:33',0.00,'[{\"ubication\":\"Chorrera\",\"link\":\"https://maps.app.goo.gl/oUGEaj7MyczRiZEx5\"}]','',2),(118,'\"[\\\"https:\\/\\/api.tarjetajovendiamante.com\\/storage\\/images\\/ofertas\\/2024_01_04\\/\\/EcdblN7J7xXBbKVwCamJJ8VRV5srj98WFC95aEzb.png\\\"]\"',0.00,5.00,'<span style=\"color: rgb(34, 34, 34); font-family: Arial, Helvetica, sans-serif; font-size: small;\">-&nbsp;</span><b style=\"color: rgb(34, 34, 34); font-family: Arial, Helvetica, sans-serif; font-size: small;\">5% de descuento</b><span style=\"color: rgb(34, 34, 34); font-family: Arial, Helvetica, sans-serif; font-size: small;\">&nbsp;en</span><b style=\"color: rgb(34, 34, 34); font-family: Arial, Helvetica, sans-serif; font-size: small;\">&nbsp;todos</b><span style=\"color: rgb(34, 34, 34); font-family: Arial, Helvetica, sans-serif; font-size: small;\">&nbsp;los servicios de depilación&nbsp; con&nbsp;</span><b style=\"color: rgb(34, 34, 34); font-family: Arial, Helvetica, sans-serif; font-size: small;\">previa cita</b><span style=\"color: rgb(34, 34, 34); font-family: Arial, Helvetica, sans-serif; font-size: small;\">&nbsp;al número</span><b style=\"color: rgb(34, 34, 34); font-family: Arial, Helvetica, sans-serif; font-size: small;\">&nbsp;6813-9129</b><span style=\"color: rgb(34, 34, 34); font-family: Arial, Helvetica, sans-serif; font-size: small;\">-</span>','Depiskin','2025-01-07',1,600,'2024-01-04 16:17:50','2024-01-25 21:47:52',0.00,'[{\"ubication\":\"Panamá\",\"link\":\"https://maps.app.goo.gl/DgEBP21dp3VdHpdX7\"}]','',2),(119,'\"[\\\"https:\\/\\/api.tarjetajovendiamante.com\\/storage\\/images\\/ofertas\\/2024_01_04\\/\\/FvdLspIhZ0EWtmnRUJCEzhrbmaRWhvnf9RnWtHQ9.png\\\"]\"',0.00,10.00,'-<span style=\"color: rgb(34, 34, 34); font-family: Arial, Helvetica, sans-serif; font-size: small;\"><b>10% de descuento</b> en compra de baterías a <b>domicilio&nbsp; &nbsp;6775-2373</b>-</span>','Battery Charge RD','2025-01-04',1,601,'2024-01-04 16:20:36','2024-01-05 20:28:23',0.00,'[{\"ubication\":\"Panamá\",\"link\":\"\"}]','',3),(120,'\"[\\\"https:\\/\\/api.tarjetajovendiamante.com\\/storage\\/images\\/ofertas\\/2024_01_15\\/\\/WquEGMR4wxAuYOgehXt5JjKcczCxsW1qc6jLKjA3.png\\\"]\"',0.00,40.00,'-<b>40% de descuento</b>&nbsp;en mantenimiento de aire acondicionado (incluye: l<b>impieza del equipo y sanitización</b>)-','Grupo SIRMAPE','2025-01-03',1,660,'2024-01-15 16:16:35','2024-01-17 16:22:44',0.00,'[{\"ubication\":\"Chorrera\",\"link\":\"\"}]','',3),(121,'\"[\\\"https:\\/\\/api.tarjetajovendiamante.com\\/storage\\/images\\/ofertas\\/2024_01_23\\/\\/AV1sYhN6V5kD2EY8ImPgK6nswPyHBvUf9TpMIHLb.png\\\"]\"',1.00,10.00,'<span style=\"color: rgb(34, 34, 34); font-family: Arial, Helvetica, sans-serif; font-size: small;\">-10% de descuento en&nbsp;</span><b style=\"color: rgb(34, 34, 34); font-family: Arial, Helvetica, sans-serif; font-size: small;\">servicios funarios</b><span style=\"color: rgb(34, 34, 34); font-family: Arial, Helvetica, sans-serif; font-size: small;\">&nbsp;y&nbsp; 10% de descuento en&nbsp;</span><b style=\"color: rgb(34, 34, 34); font-family: Arial, Helvetica, sans-serif; font-size: small;\">arreglos florales</b><span style=\"color: rgb(34, 34, 34); font-family: Arial, Helvetica, sans-serif; font-size: small;\">&nbsp;-</span>','Funeraria Wills','2025-01-05',1,689,'2024-01-23 00:43:20','2024-01-25 21:59:38',0.00,'[{\"ubication\":\"Panamá\",\"link\":\"https://maps.app.goo.gl/qeCW4agPTUwnJpoTA\"}]','',1),(122,'\"[\\\"https:\\/\\/api.tarjetajovendiamante.com\\/storage\\/images\\/ofertas\\/2024_01_23\\/\\/3fvJgKpFl9I48Pf8tBGhZExdMEk2Oe2zrPVBeSt6.jpg\\\"]\"',0.00,0.00,'<div dir=\"auto\" style=\"color: rgb(34, 34, 34); font-family: Arial, Helvetica, sans-serif; font-size: small;\">-Pasadía en <b>10.00 </b>precio regular 15.00&nbsp;</div><div dir=\"auto\" style=\"color: rgb(34, 34, 34); font-family: Arial, Helvetica, sans-serif; font-size: small;\"><br></div><div dir=\"auto\" style=\"color: rgb(34, 34, 34); font-family: Arial, Helvetica, sans-serif; font-size: small;\">Habitación en 65.00 con <b>desayuno incluido gratis</b>-<br></div>','Finca Agroturística villa verde','2025-01-03',1,690,'2024-01-23 00:49:14','2024-01-25 21:42:56',0.00,'[{\"ubication\":\"Colón\",\"link\":\"https://maps.app.goo.gl/ws1i5GrP31cRR7jr9\"}]','',0),(123,'\"[\\\"https:\\/\\/api.tarjetajovendiamante.com\\/storage\\/images\\/ofertas\\/2024_01_25\\/\\/LosqoJd0PCrGeILo8R0LbnqdOBWFZCCZEuOgwiLx.jpg\\\"]\"',1.00,10.00,'-<b>10%</b> de descuento en los siguientes servicios: Rotulación comercial y residencial, vinilos de corte - decorativo, esmerilado-frosted, microperforados, impresión digital, banners, calcomanias, magnéticos, señalización, letreros en acrílico- PVC, stands, serigrafía, bordados, Artes promocionales y diseño gráfico.-<br>','Diseño Gráficos RAHM','2025-01-06',1,706,'2024-01-25 20:32:16','2024-01-25 22:05:14',0.00,'[{\"ubication\":\"Panamá\",\"link\":\"\"}]','',0),(124,'\"[\\\"https:\\/\\/api.tarjetajovendiamante.com\\/storage\\/images\\/ofertas\\/2024_01_25\\/\\/QDU5nIhXj7tg0jMpq54uPOuvNE4HSxUzjNBbFpzR.jpg\\\"]\"',0.00,15.00,'-<span style=\"color: rgb(34, 34, 34); font-family: Arial, Helvetica, sans-serif; font-size: small;\"><b>15%&nbsp;</b>en paquetes&nbsp;<b>completos</b>&nbsp;que incluyan decoración,<b>&nbsp;pasteles</b>&nbsp;y&nbsp;<b>candy bar</b>-</span>','Party Alquileres','2025-01-04',1,707,'2024-01-25 21:03:57','2024-01-25 21:44:23',0.00,'[{\"ubication\":\"Panamá\",\"link\":\"\"}]','',2),(125,'\"[\\\"https:\\/\\/api.tarjetajovendiamante.com\\/storage\\/images\\/ofertas\\/2024_01_25\\/\\/725OICpD05urUcBSYcX7aXUGB8ESqER4YZftdlBM.jpg\\\"]\"',0.00,0.00,'-<span style=\"color: rgb(34, 34, 34); font-family: Arial, Helvetica, sans-serif; font-size: small;\">al comprar 3 taza blancas personalizada lleva 1 gratis-<br></span><div><span style=\"color: rgb(34, 34, 34); font-family: Arial, Helvetica, sans-serif; font-size: small;\">\"</span><span style=\"color: rgb(34, 34, 34); font-family: Arial, Helvetica, sans-serif; font-size: small;\"><b>Incluye taza, diseño, arte preliminar, nombre, frase, fotografía logo y fondo temático </b>\"</span></div>','MY DAY ART CREACIONES','2025-01-05',1,708,'2024-01-25 21:05:16','2024-01-25 21:43:33',0.00,'[{\"ubication\":\"Chorrera\",\"link\":\"\"}]','',1),(128,'[\"https:\\/\\/api.tarjetajovendiamante.com\\/storage\\/images\\/ofertas\\/2024_02_09\\/\\/EIUuriEgymsJVJa5G9JZ0KhsJmnTcB4VUDk0sd5r.jpg\"]',25.00,0.00,'-<b>10%&nbsp;</b>en consulta<br>-<b>25%</b>&nbsp;limpieza dental<br>-&nbsp;<b>2x1</b>&nbsp;en calzas de resina','Clinica Virgen de Guadalupe - 2','2025-02-01',1,727,'2024-02-09 21:27:53','2024-02-09 21:27:53',0.00,'[{\"ubication\":\"Coclé\",\"link\":\"\"}]','',0),(129,'[\"https:\\/\\/api.tarjetajovendiamante.com\\/storage\\/images\\/ofertas\\/2024_02_09\\/\\/P2gOZR3Pmdt3k56z8vP5fvx3vWpng4W0towsDWI0.jpg\"]',0.00,0.00,'-Chicha gratis con las comidas y descuentos especiales los <b>sábados-</b>','Fonda Isaac´s','2025-02-01',1,726,'2024-02-09 21:29:00','2024-02-09 21:29:00',0.00,'[{\"ubication\":\"Coclé\",\"link\":\"\"}]','',5),(130,'[\"https://api.tarjetajovendiamante.com/storage/images/ofertas/2024_03_06//7BZvAEcMWT06gspi0UXHS3BzZiOqm1D0SHsheHxY.jpg\"]',0.00,10.00,'-<b>10% </b>de descuento en la sucursal-','Sabores de las pradreas','2025-03-02',1,458,'2024-03-06 18:41:20','2024-03-27 15:25:55',0.00,'[{\"ubication\":\"Panamá\",\"link\":\"https://maps.app.goo.gl/N9MPmYTkqFLC6Zoa6\"}]','',3),(131,'[\"https:\\/\\/api.tarjetajovendiamante.com\\/storage\\/images\\/ofertas\\/2024_03_27\\/\\/sJ4jW9dhmyti6nQnoYQ6zCcHVJ1DEob9uAA8CxpZ.jpg\"]',0.00,10.00,'-10% de descuento en la <b>factura total</b>-','Josias Floristeria','2025-03-01',1,732,'2024-03-27 15:19:30','2024-03-27 15:19:30',0.00,'[{\"ubication\":\"Panamá\",\"link\":\"https://maps.app.goo.gl/sBHcwxD5FbZvTgGKA\"}]','',4),(132,'[\"https:\\/\\/api.tarjetajovendiamante.com\\/storage\\/images\\/ofertas\\/2024_03_27\\/\\/rZYls3XUuwMWQW1ZdW92c6p9NbNYKd4KsaXTeuQ1.jpg\"]',0.00,10.00,'-10% de descuento en tu orden, para pedidos llamar al&nbsp;<b>6818-3239</b> ¡y decir que vas de parte de <b>nosotros</b>!-','Cake By Reca','2025-03-01',1,733,'2024-03-27 15:25:26','2024-03-27 15:25:26',0.00,'[{\"ubication\":\"Panamá\",\"link\":\"https://g.co/kgs/p5U3Wjb\"}]','',2),(133,'[\"https:\\/\\/api.tarjetajovendiamante.com\\/storage\\/images\\/ofertas\\/2024_03_27\\/\\/L2Hqm1jDdauTruOsy5NLM7ACxOkASk5yEWuzJnoc.png\"]',0.00,10.00,'-<b>10% de descuento</b> con tu membresía Tarjeta Joven Diamante.-','Mas Decor','2025-03-01',1,734,'2024-03-27 15:30:57','2024-03-27 15:30:57',0.00,'[{\"ubication\":\"Panamá\",\"link\":\"https://maps.app.goo.gl/aREMSq7zmvsFrEC49\"}]','',2),(134,'[\"https:\\/\\/api.tarjetajovendiamante.com\\/storage\\/images\\/ofertas\\/2024_03_27\\/\\/H9FQdE1j93iUxwlCoim4XwNN6zlth3i4G1Ilu8tD.jpg\"]',0.00,25.00,'-Del<b> 10% al 25% en descuento</b> con tu membresía Tarjeta Joven Diamante.-','Studio MM Construction','2025-03-01',1,735,'2024-03-27 15:35:35','2024-03-27 15:35:35',0.00,'[{\"ubication\":\"Panamá\",\"link\":\"\"}]','',1),(135,'[\"https:\\/\\/api.tarjetajovendiamante.com\\/storage\\/images\\/ofertas\\/2024_03_27\\/\\/1RimBZDwFspjjSFVmjIJJxJcDB8WKT1SSXKZ4dY6.jpg\"]',0.00,15.00,'-<b>15% de descuento </b>con tu membresía Tarjeta Joven Diamante.-','Veterinaria Chilibre','2025-03-01',1,736,'2024-03-27 15:40:03','2024-03-27 15:40:03',0.00,'[{\"ubication\":\"Panamá\",\"link\":\"https://maps.app.goo.gl/qSecmkMfpv1L8EoY8\"}]','',2),(136,'[\"https:\\/\\/api.tarjetajovendiamante.com\\/storage\\/images\\/ofertas\\/2024_03_27\\/\\/HBGasZuwq8fc6GUnaxIPljpVXt47zFyNeQgYAq7o.jpg\"]',0.00,10.00,'-<b>10% de descuento</b> con tu membresía Tarjeta Joven Diamante.-','Tu Conexión','2025-03-01',1,737,'2024-03-27 15:44:48','2024-03-27 15:44:48',0.00,'[{\"ubication\":\"Panamá\",\"link\":\"https://ul.waze.com/ul?ll=8.98254600%2C-79.52730400&navigate=yes&utm_campaign=default&utm_source=waze_website&utm_medium=lm_share_location\"}]','',3),(137,'[\"https:\\/\\/api.tarjetajovendiamante.com\\/storage\\/images\\/ofertas\\/2024_03_27\\/\\/TdI9iAWSUex9afkWhEEZ8TgzBFd4ZKP5maCvErEo.jpg\"]',0.00,15.00,'-<b>15% de descuento</b> en&nbsp;Instalación , mantenimiento y Reparación de todo tipo de electrodomésticos.-','MT Solutions','2025-03-01',1,738,'2024-03-27 15:54:21','2024-03-27 15:54:21',0.00,'[{\"ubication\":\"Chorrera\",\"link\":\"\"}]','',3);

--
-- Table structure for table `orden_ecommerces`
--

CREATE TABLE `orden_ecommerces` (
  `id` bigint unsigned NOT NULL AUTO_INCREMENT,
  `json_productos` text CHARACTER SET utf8mb4 COLLATE utf8mb4_unicode_ci NOT NULL,
  `client_id` bigint unsigned DEFAULT NULL,
  `total` double(8,2) NOT NULL,
  `estado` varchar(255) CHARACTER SET utf8mb4 COLLATE utf8mb4_unicode_ci NOT NULL DEFAULT 'pendiente',
  `tipo_pago` varchar(255) CHARACTER SET utf8mb4 COLLATE utf8mb4_unicode_ci NOT NULL DEFAULT 'efectivo',
  `img` text CHARACTER SET utf8mb4 COLLATE utf8mb4_unicode_ci,
  `created_at` timestamp NULL DEFAULT NULL,
  `updated_at` timestamp NULL DEFAULT NULL,
  PRIMARY KEY (`id`),
  KEY `orden_ecommerces_client_id_foreign` (`client_id`),
  CONSTRAINT `orden_ecommerces_client_id_foreign` FOREIGN KEY (`client_id`) REFERENCES `users` (`id`)
) ENGINE=InnoDB AUTO_INCREMENT=2 DEFAULT CHARSET=utf8mb4 COLLATE=utf8mb4_unicode_ci;

--
-- Dumping data for table `orden_ecommerces`
--

INSERT INTO `orden_ecommerces` VALUES (1,'[{\"id\":\"1\",\"cantidad\":\"1\",\"precio\":\"1\"}]',340,0.00,'pendiente','transferencia','https://api.tarjetajovendiamante.com/storage/images/productos/2023_07_28//8gDpyjUWwCXDXV4N2lERRlohKgapVMoBAMuxR2tA.png','2023-07-28 17:41:58','2023-07-28 17:41:58');

--
-- Table structure for table `orders`
--

CREATE TABLE `orders` (
  `id` bigint unsigned NOT NULL AUTO_INCREMENT,
  `created_at` timestamp NULL DEFAULT NULL,
  `updated_at` timestamp NULL DEFAULT NULL,
  PRIMARY KEY (`id`)
) ENGINE=InnoDB DEFAULT CHARSET=utf8mb4 COLLATE=utf8mb4_unicode_ci;

--
-- Dumping data for table `orders`
--


--
-- Table structure for table `payment_menbresias`
--

CREATE TABLE `payment_menbresias` (
  `id` bigint unsigned NOT NULL AUTO_INCREMENT,
  `payment` double(30,2) NOT NULL DEFAULT '0.00',
  `user_id` bigint unsigned DEFAULT NULL,
  `created_at` timestamp NULL DEFAULT NULL,
  `updated_at` timestamp NULL DEFAULT NULL,
  `referencia` varchar(250) CHARACTER SET utf8mb4 COLLATE utf8mb4_unicode_ci DEFAULT NULL,
  `verificado` tinyint(1) NOT NULL DEFAULT '1',
  `membresia_id` bigint unsigned DEFAULT NULL,
  `img_url` text CHARACTER SET utf8mb4 COLLATE utf8mb4_unicode_ci,
  PRIMARY KEY (`id`),
  KEY `payment_menbresias_user_id_foreign` (`user_id`),
  KEY `payment_menbresias_membresia_id_foreign` (`membresia_id`)
) ENGINE=InnoDB AUTO_INCREMENT=144 DEFAULT CHARSET=utf8mb4 COLLATE=utf8mb4_unicode_ci;

--
-- Dumping data for table `payment_menbresias`
--

INSERT INTO `payment_menbresias` VALUES (7,9.99,102,'2023-04-21 21:03:38','2023-04-21 21:03:38','yappy_success',0,6,NULL),(9,9.99,103,'2023-04-21 22:00:00','2023-04-21 22:00:00','yappy_success',1,6,NULL),(10,9.99,49,'2023-04-21 22:03:04','2023-04-21 22:03:04','yappy_success',1,6,NULL),(11,9.99,103,'2023-04-21 22:03:38','2023-04-21 22:03:38','yappy_success',1,6,NULL),(12,9.99,49,'2023-04-21 22:06:58','2023-04-22 00:34:11','yappy_success',1,6,NULL),(13,9.99,104,'2023-04-21 22:35:08','2023-04-21 22:35:08','yappy_success',1,6,NULL),(14,9.99,104,'2023-04-21 22:38:08','2023-04-21 22:38:08','yappy_success',1,6,NULL),(15,9.99,67,'2023-04-21 23:11:09','2023-04-21 23:11:09','yappy_success',1,6,NULL),(16,9.99,20,'2023-04-21 23:16:06','2023-04-21 23:16:06','yappy_success',1,6,NULL),(17,9.99,105,'2023-04-21 23:20:10','2023-04-21 23:20:10','yappy_success',1,6,NULL),(18,9.99,105,'2023-04-21 23:21:03','2023-04-21 23:21:03','yappy_success',1,6,NULL),(19,9.99,20,'2023-04-21 23:45:18','2023-04-21 23:45:18','yappy_success',1,6,NULL),(20,9.99,104,'2023-04-22 00:01:22','2023-04-22 00:01:22','yappy_success',1,6,NULL),(21,9.99,106,'2023-04-22 00:05:58','2023-04-22 00:05:58','yappy_success',1,6,NULL),(22,100.00,105,'2023-04-22 00:26:50','2023-04-22 00:26:50','xxxx-xxx-xxx',1,1,NULL),(23,100.00,108,'2023-04-22 00:27:30','2023-04-22 00:27:30','xxxx-xxx-xxx',1,1,NULL),(24,9.99,108,'2023-04-22 01:20:10','2023-04-22 01:20:10','yappy_success',0,6,NULL),(25,9.99,108,'2023-04-22 01:21:30','2023-04-22 01:21:30','yappy_success',0,6,NULL),(26,9.99,108,'2023-04-22 01:32:12','2023-04-22 01:32:12','yappy_success',0,6,NULL),(27,9.99,108,'2023-04-22 01:43:12','2023-04-22 01:43:12','yappy_success',0,6,NULL),(28,9.99,108,'2023-04-22 01:43:30','2023-04-22 01:43:30','yappy_success',0,6,NULL),(29,9.99,108,'2023-04-22 02:20:47','2023-04-22 02:20:47','yappy_success',0,6,NULL),(30,9.99,108,'2023-04-22 03:30:10','2023-04-22 03:30:10','yappy_success',0,6,NULL),(31,9.99,108,'2023-04-22 04:30:55','2023-04-22 04:30:55','yappy_success',0,6,NULL),(32,9.99,108,'2023-04-22 16:32:20','2023-04-22 16:32:20','yappy_success',0,6,NULL),(33,9.99,108,'2023-04-22 19:21:57','2023-04-22 19:21:57','yappy_success',0,6,NULL),(34,9.99,119,'2023-04-22 19:45:07','2023-04-22 19:45:07','xxxx-xxx-xxx',1,1,NULL),(35,9.99,108,'2023-04-22 19:49:30','2023-04-22 19:49:30','yappy_success',0,6,NULL),(36,9.99,108,'2023-04-22 19:49:34','2023-04-22 19:49:34','yappy_success',0,6,NULL),(37,9.99,108,'2023-04-22 19:51:20','2023-04-22 19:51:20','yappy_success',0,6,NULL),(38,9.99,108,'2023-04-22 19:52:33','2023-04-22 19:52:33','yappy_success',0,6,NULL),(39,9.99,108,'2023-04-22 19:55:22','2023-04-22 19:55:22','yappy_success',0,NULL,NULL),(40,9.99,20,'2023-04-22 19:58:57','2023-04-22 19:58:57','yappy_success',0,6,NULL),(41,9.99,121,'2023-04-22 20:07:49','2023-04-22 20:14:26','yappy_success',1,6,NULL),(42,9.99,124,'2023-04-22 20:21:34','2023-04-22 20:28:00','yappy_success',1,6,NULL),(43,9.99,125,'2023-04-22 20:40:43','2023-04-22 20:43:59','yappy_success',1,6,NULL),(44,9.99,128,'2023-04-22 20:58:44','2023-04-22 21:26:01','yappy_success',1,6,NULL),(45,9.99,127,'2023-04-22 22:05:27','2023-04-22 22:05:27','yappy_success',0,6,NULL),(46,9.99,127,'2023-04-22 22:09:43','2023-04-22 22:15:30','yappy_success',1,6,NULL),(47,9.99,134,'2023-04-22 22:20:12','2023-04-22 23:44:11','yappy_success',1,6,NULL),(48,9.99,130,'2023-04-22 22:21:21','2023-04-22 22:30:28','yappy_success',1,6,NULL),(49,9.99,131,'2023-04-22 22:23:51','2023-04-22 22:30:35','yappy_success',1,6,NULL),(50,9.99,131,'2023-04-22 22:28:50','2023-04-22 22:28:50','yappy_success',0,6,NULL),(51,9.99,83,'2023-04-23 03:24:51','2023-04-23 03:24:51','yappy_success',0,6,NULL),(52,9.99,137,'2023-04-23 22:04:50','2023-04-24 01:33:03','yappy_success',1,6,NULL),(53,9.99,139,'2023-04-24 01:05:18','2023-04-24 01:06:25','yappy_success',1,6,NULL),(54,9.99,140,'2023-04-24 01:20:12','2023-04-24 01:20:56','yappy_success',1,6,NULL),(55,9.99,141,'2023-04-24 01:27:30','2023-04-24 01:28:17','yappy_success',1,6,NULL),(56,9.99,142,'2023-04-24 01:34:12','2023-04-24 01:36:04','yappy_success',1,6,NULL),(57,9.99,145,'2023-04-24 21:33:29','2023-04-24 23:34:53','yappy_success',1,6,NULL),(58,9.99,145,'2023-04-24 22:07:49','2023-04-24 22:07:49','yappy_success',0,6,NULL),(59,9.99,49,'2023-04-25 02:14:53','2023-04-25 02:14:53','yappy_success',0,6,NULL),(60,9.99,154,'2023-04-26 02:55:52','2023-04-26 17:01:50','yappy_success',1,6,NULL),(61,9.99,155,'2023-04-26 16:19:53','2023-04-26 17:16:28','yappy_success',1,6,NULL),(62,9.99,86,'2023-04-26 16:41:48','2023-04-26 17:16:42','yappy_success',1,6,NULL),(63,9.99,86,'2023-04-26 16:41:52','2023-04-26 16:41:52','yappy_success',0,6,NULL),(64,9.99,163,'2023-04-26 20:15:40','2023-04-26 20:15:40','yappy_success',0,6,NULL),(65,9.99,166,'2023-04-27 01:08:35','2023-04-27 01:09:47','yappy_success',1,6,NULL),(66,9.99,169,'2023-04-27 06:20:54','2023-04-28 07:52:50','yappy_success',1,6,NULL),(67,9.99,171,'2023-04-27 23:29:07','2023-04-27 23:29:07','yappy_success',0,6,NULL),(68,9.99,175,'2023-04-28 04:00:52','2023-04-28 07:53:05','yappy_success',1,6,NULL),(69,9.99,176,'2023-04-28 18:12:04','2023-04-28 18:12:04','yappy_success',0,6,NULL),(70,9.99,176,'2023-04-28 18:14:25','2023-04-28 18:14:25','yappy_success',0,6,NULL),(71,9.99,176,'2023-04-28 18:16:47','2023-04-28 18:16:47','yappy_success',0,6,NULL),(72,9.99,176,'2023-04-28 18:18:25','2023-04-28 18:20:16','yappy_success',1,6,NULL),(73,9.99,101,'2023-04-28 21:07:09','2023-04-28 21:07:09','yappy_success',0,6,NULL),(74,9.99,179,'2023-04-29 02:51:28','2023-04-29 02:51:28','yappy_success',0,6,NULL),(75,9.99,179,'2023-04-29 02:55:27','2023-04-29 02:55:27','yappy_success',0,6,NULL),(76,9.99,180,'2023-04-29 02:55:59','2023-04-29 02:59:18','yappy_success',1,6,NULL),(77,9.99,179,'2023-04-29 03:17:28','2023-04-29 03:17:28','yappy_success',0,6,NULL),(78,9.99,179,'2023-04-29 03:56:40','2023-04-29 03:56:40','yappy_success',0,6,NULL),(79,9.99,181,'2023-04-29 04:56:27','2023-04-29 05:48:15','yappy_success',1,6,NULL),(80,9.99,20,'2023-04-29 14:29:10','2023-04-29 14:29:10','yappy_success',0,6,NULL),(81,9.99,183,'2023-04-30 00:56:54','2023-04-30 00:58:01','yappy_success',1,6,NULL),(82,9.99,187,'2023-04-30 01:30:52','2023-04-30 01:32:00','yappy_success',1,6,NULL),(83,9.99,143,'2023-04-30 05:19:51','2023-05-01 02:58:11','yappy_success',1,6,NULL),(84,9.99,191,'2023-04-30 05:39:06','2023-04-30 05:40:25','yappy_success',1,6,NULL),(85,9.99,44,'2023-05-03 00:51:04','2023-05-03 00:51:04','yappy_success',0,6,NULL),(86,9.99,196,'2023-05-04 04:17:12','2023-05-04 04:18:05','yappy_success',1,6,NULL),(87,9.99,49,'2023-05-04 05:32:18','2023-05-04 05:32:18','yappy_success',0,6,NULL),(88,9.99,197,'2023-05-04 05:42:16','2023-05-04 05:42:16','yappy_success',0,6,NULL),(89,9.99,197,'2023-05-04 14:12:55','2023-05-04 14:12:55','yappy_success',0,6,NULL),(90,9.99,197,'2023-05-04 16:06:18','2023-05-04 16:06:18','yappy_success',0,6,NULL),(91,9.99,197,'2023-05-04 16:09:53','2023-05-04 16:09:53','yappy_success',0,6,NULL),(92,9.99,44,'2023-05-04 18:56:56','2023-05-04 18:56:56','yappy_success',0,6,NULL),(93,9.99,20,'2023-05-05 02:38:27','2023-05-05 02:38:27','yappy_success',0,6,NULL),(94,9.99,20,'2023-05-05 19:52:43','2023-05-05 19:52:43','yappy_success',0,6,NULL),(95,9.99,210,'2023-05-06 04:39:36','2023-05-06 04:41:06','yappy_success',1,6,NULL),(96,9.99,150,'2023-05-08 04:43:44','2023-05-08 04:43:44','yappy_success',0,6,NULL),(97,9.99,89,'2023-05-08 15:57:14','2023-05-08 15:57:14','yappy_success',0,6,NULL),(98,9.99,89,'2023-05-08 16:00:35','2023-05-08 16:00:35','yappy_success',0,6,NULL),(99,9.99,49,'2023-05-08 16:16:27','2023-05-08 21:23:08','yappy_success',1,6,NULL),(100,9.99,212,'2023-05-08 16:43:30','2023-05-08 16:43:30','yappy_success',0,6,NULL),(101,9.99,89,'2023-05-08 16:43:40','2023-05-08 16:43:40','yappy_success',0,6,NULL),(102,9.99,89,'2023-05-08 16:43:47','2023-05-08 16:43:47','yappy_success',0,6,NULL),(103,9.99,89,'2023-05-08 16:44:20','2023-05-08 16:44:20','yappy_success',0,6,NULL),(104,9.99,212,'2023-05-08 16:47:50','2023-05-08 17:35:17','yappy_success',1,6,NULL),(105,9.99,212,'2023-05-08 16:51:43','2023-05-08 16:51:43','yappy_success',0,6,NULL),(106,9.99,212,'2023-05-08 16:54:35','2023-05-08 16:54:35','yappy_success',0,6,NULL),(107,9.99,214,'2023-05-08 21:25:02','2023-05-08 21:26:17','yappy_success',1,6,NULL),(108,9.99,215,'2023-05-08 21:27:49','2023-05-08 21:28:01','yappy_success',1,6,NULL),(109,9.99,216,'2023-05-08 21:29:50','2023-05-08 21:30:03','yappy_success',1,6,NULL),(110,9.99,217,'2023-05-08 21:30:49','2023-05-08 21:31:02','yappy_success',1,6,NULL),(111,9.99,340,'2023-07-17 19:41:33','2023-07-17 19:41:33','Usuario de prueba',1,1,NULL),(112,9.99,414,'2023-09-01 18:10:49','2023-09-01 18:10:49','Importacion excel',1,324,NULL),(113,9.99,415,'2023-09-01 18:10:49','2023-09-01 18:10:49','Importacion excel',1,325,NULL),(114,9.99,416,'2023-09-01 18:10:49','2023-09-01 18:10:49','Importacion excel',1,326,NULL),(115,9.99,417,'2023-09-01 18:10:49','2023-09-01 18:10:49','Importacion excel',1,327,NULL),(116,9.99,418,'2023-09-01 18:10:49','2023-09-01 18:10:49','Importacion excel',1,328,NULL),(117,9.99,419,'2023-09-01 18:10:49','2023-09-01 18:10:49','Importacion excel',1,329,NULL),(118,9.99,420,'2023-09-01 18:10:49','2023-09-01 18:10:49','Importacion excel',1,330,NULL),(119,9.99,421,'2023-09-01 18:10:49','2023-09-01 18:10:49','Importacion excel',1,331,NULL),(120,9.99,422,'2023-09-01 18:10:49','2023-09-01 18:10:49','Importacion excel',1,332,NULL),(121,9.99,423,'2023-09-01 18:10:49','2023-09-01 18:10:49','Importacion excel',1,333,NULL),(122,9.99,424,'2023-09-01 18:10:50','2023-09-01 18:10:50','Importacion excel',1,334,NULL),(123,9.99,425,'2023-09-01 18:10:50','2023-09-01 18:10:50','Importacion excel',1,335,NULL),(124,9.99,426,'2023-09-01 18:10:50','2023-09-01 18:10:50','Importacion excel',1,336,NULL),(125,9.99,427,'2023-09-01 18:10:50','2023-09-01 18:10:50','Importacion excel',1,337,NULL),(126,9.99,428,'2023-09-01 18:10:50','2023-09-01 18:10:50','Importacion excel',1,338,NULL),(127,9.99,430,'2023-09-05 20:34:59','2023-09-05 20:34:59','Membresia',0,NULL,'https://api.tarjetajovendiamante.com/storage/images/payments/2023_09_05//zZFbbbNu5evqFG5OHpztvwR760gzmK4p07JOFxMk.jpg'),(128,9.99,460,'2023-11-08 20:18:00','2023-11-08 20:18:00','Banco General Depósito',0,NULL,'https://api.tarjetajovendiamante.com/storage/images/payments/2023_11_08//96cdugqGiJBg7vo00bcdQkyjeoLN1CL9AcRzlkfF.jpg'),(129,9.99,489,'2023-12-06 01:00:02','2023-12-06 01:00:02','Abono a tarjeta',0,NULL,'https://api.tarjetajovendiamante.com/storage/images/payments/2023_12_06//gYE6aHdYMqzXovaqcMfKTiaYPpx53d5Nc92tBObh.png'),(130,9.99,494,'2023-12-07 14:12:40','2023-12-07 14:12:40','Pago en yappy',0,NULL,'https://api.tarjetajovendiamante.com/storage/images/payments/2023_12_07//rZr3qO2AZhUnuSkqcUQMkLD2IIcWNaBGbD1rtwlo.jpg'),(131,9.99,549,'2023-12-19 00:17:29','2023-12-19 00:17:29','Vendedor Josue Lopez',0,NULL,'https://api.tarjetajovendiamante.com/storage/images/payments/2023_12_19//5KFzQquZb9yRM1dVn0Bz4HuB4AlTrr7trU8J0lEn.jpg'),(132,9.99,499,'2023-12-19 19:27:27','2023-12-19 19:27:27','Promotor 2',0,NULL,'https://api.tarjetajovendiamante.com/storage/images/payments/2023_12_19//XiUQLjipZxMDdIjI81faJawS0BYDpmKaaEorq6BX.jpg'),(133,9.99,606,'2024-01-06 00:31:52','2024-01-06 00:31:52',NULL,0,NULL,'https://api.tarjetajovendiamante.com/storage/images/payments/2024_01_06//fbMA3qqA6TGt1OF3WT4EB9lMHVReqM4azomQniJf.jpg'),(134,9.99,606,'2024-01-07 04:29:30','2024-01-07 04:29:30','Eimy',0,NULL,'https://api.tarjetajovendiamante.com/storage/images/payments/2024_01_07//SG7z18UQnntvkHlH19NzpL7EwKmFlOGKg8Keheik.jpg'),(135,9.99,650,'2024-01-11 21:38:44','2024-01-11 21:38:44','Abono',0,NULL,'https://api.tarjetajovendiamante.com/storage/images/payments/2024_01_11//O8oHUrXXnOqSwJnKWxI8e4cNfHiQdCPqYKJAq4ib.jpg'),(136,9.99,651,'2024-01-12 03:51:38','2024-01-12 03:51:38','Abono',0,NULL,'https://api.tarjetajovendiamante.com/storage/images/payments/2024_01_12//azrKZv39nHkxuXkD70lZIA5zYGUKHrVIK1kSIVom.png'),(137,9.99,656,'2024-01-13 17:52:54','2024-01-13 17:52:54','79396213',0,NULL,'https://api.tarjetajovendiamante.com/storage/images/payments/2024_01_13//EdGs48vneVO79nNk2EqpWBtNJ3DSyIubcKK6YMLY.jpg'),(138,9.99,659,'2024-01-16 12:35:17','2024-01-16 12:35:17','Stevens mendieta',0,NULL,'https://api.tarjetajovendiamante.com/storage/images/payments/2024_01_16//Lg9MrTAVfQTZNab26c8e5LaI7UItjUV0vhGw6bYd.jpg'),(139,9.99,659,'2024-01-16 12:56:39','2024-01-16 12:56:39','Stevens mendieta',0,NULL,'https://api.tarjetajovendiamante.com/storage/images/payments/2024_01_16//wTKCy00e5uxVTYwjp7Eqaj9z3nsOABMyWGOkIgRs.jpg'),(140,9.99,609,'2024-01-17 15:21:35','2024-01-17 15:21:35','31751646',0,NULL,'https://api.tarjetajovendiamante.com/storage/images/payments/2024_01_17//Jw3i8OQAyrek1hK6T7wu1RgWRCTjMcVgOCnmVlNl.jpg'),(141,9.99,692,'2024-01-23 16:28:13','2024-01-23 16:28:13','Harold Sánchez',0,NULL,'https://api.tarjetajovendiamante.com/storage/images/payments/2024_01_23//diupgDsPqn3WoQYurjcEjKnFhpDFY3cgssxmed6I.jpg'),(142,9.99,696,'2024-01-24 19:35:50','2024-01-24 19:35:50','Banco General',0,NULL,'https://api.tarjetajovendiamante.com/storage/images/payments/2024_01_24//lDMPz3JPmwZJcOVQvLpTlfgiyfAn5owy4FctePLD.jpg'),(143,13.99,603,'2024-02-16 15:08:41','2024-02-16 15:08:41','Ya fue pagado',0,NULL,'https://api.tarjetajovendiamante.com/storage/images/payments/2024_02_16//flRomno2naZsHiHIDW9lttAgUfouuo5EbWIqFZ2n.jpg');

--
-- Table structure for table `price_membresias`
--

CREATE TABLE `price_membresias` (
  `id` bigint unsigned NOT NULL AUTO_INCREMENT,
  `price` double(30,2) NOT NULL DEFAULT '0.00',
  `name` varchar(100) CHARACTER SET utf8mb4 COLLATE utf8mb4_unicode_ci NOT NULL,
  `created_at` timestamp NULL DEFAULT NULL,
  `updated_at` timestamp NULL DEFAULT NULL,
  `membresia_id` bigint unsigned DEFAULT NULL,
  PRIMARY KEY (`id`),
  UNIQUE KEY `price_membresias_name_unique` (`name`),
  KEY `price_membresias_membresia_id_foreign` (`membresia_id`),
  CONSTRAINT `price_membresias_membresia_id_foreign` FOREIGN KEY (`membresia_id`) REFERENCES `membresias` (`id`)
) ENGINE=InnoDB AUTO_INCREMENT=7 DEFAULT CHARSET=utf8mb4 COLLATE=utf8mb4_unicode_ci;

--
-- Dumping data for table `price_membresias`
--

INSERT INTO `price_membresias` VALUES (1,0.00,'Membresia 3 Días','2023-02-14 20:58:14','2023-05-23 19:44:03',NULL),(6,20.00,'Membresia anual','2023-02-15 17:57:34','2024-06-07 20:24:31',NULL);

--
-- Table structure for table `producto_categorias`
--

CREATE TABLE `producto_categorias` (
  `id` bigint unsigned NOT NULL AUTO_INCREMENT,
  `name` varchar(100) CHARACTER SET utf8mb4 COLLATE utf8mb4_unicode_ci NOT NULL,
  `created_at` timestamp NULL DEFAULT NULL,
  `updated_at` timestamp NULL DEFAULT NULL,
  `icon` text CHARACTER SET utf8mb4 COLLATE utf8mb4_unicode_ci NOT NULL,
  PRIMARY KEY (`id`)
) ENGINE=InnoDB DEFAULT CHARSET=utf8mb4 COLLATE=utf8mb4_unicode_ci;

--
-- Dumping data for table `producto_categorias`
--


--
-- Table structure for table `productos_ecommerces`
--

CREATE TABLE `productos_ecommerces` (
  `id` bigint unsigned NOT NULL AUTO_INCREMENT,
  `nombre` varchar(250) CHARACTER SET utf8mb4 COLLATE utf8mb4_unicode_ci NOT NULL,
  `descripcion` varchar(250) CHARACTER SET utf8mb4 COLLATE utf8mb4_unicode_ci DEFAULT NULL,
  `img` text CHARACTER SET utf8mb4 COLLATE utf8mb4_unicode_ci,
  `precio` double(30,2) NOT NULL,
  `whatsap` varchar(250) CHARACTER SET utf8mb4 COLLATE utf8mb4_unicode_ci DEFAULT NULL,
  `stock` double(30,2) NOT NULL DEFAULT '0.00',
  `created_at` timestamp NULL DEFAULT NULL,
  `updated_at` timestamp NULL DEFAULT NULL,
  `category_id` bigint unsigned DEFAULT NULL,
  PRIMARY KEY (`id`),
  KEY `productos_ecommerces_category_id_foreign` (`category_id`),
  CONSTRAINT `productos_ecommerces_category_id_foreign` FOREIGN KEY (`category_id`) REFERENCES `producto_categorias` (`id`)
) ENGINE=InnoDB AUTO_INCREMENT=2 DEFAULT CHARSET=utf8mb4 COLLATE=utf8mb4_unicode_ci;

--
-- Dumping data for table `productos_ecommerces`
--


--
-- Table structure for table `provincias`
--

CREATE TABLE `provincias` (
  `id` bigint unsigned NOT NULL AUTO_INCREMENT,
  `name` varchar(100) CHARACTER SET utf8mb4 COLLATE utf8mb4_unicode_ci NOT NULL,
  `created_at` timestamp NULL DEFAULT NULL,
  `updated_at` timestamp NULL DEFAULT NULL,
  PRIMARY KEY (`id`),
  UNIQUE KEY `provincias_name_unique` (`name`)
) ENGINE=InnoDB AUTO_INCREMENT=14 DEFAULT CHARSET=utf8mb4 COLLATE=utf8mb4_unicode_ci;

--
-- Dumping data for table `provincias`
--

INSERT INTO `provincias` VALUES (2,'Colón','2023-05-04 04:48:42','2023-05-04 04:48:42'),(3,'Panamá','2023-05-04 04:51:52','2023-05-04 04:51:52'),(4,'Chiriquí','2023-05-04 04:52:01','2023-05-04 04:52:01'),(5,'Chorrera','2023-05-04 04:52:07','2023-05-04 04:52:07'),(6,'Los Santos','2023-05-04 04:52:28','2023-05-04 04:52:28'),(7,'Herrera','2023-05-04 04:52:35','2023-05-04 04:52:35'),(8,'Bocas del toro','2023-05-04 04:52:43','2023-05-04 04:52:43'),(9,'Darien','2023-05-04 04:52:50','2023-05-04 04:52:50'),(10,'Veraguas','2023-05-04 04:52:57','2023-05-04 04:52:57'),(11,'Coclé','2023-05-04 04:53:03','2023-05-04 04:53:03'),(13,'','2023-05-04 17:04:27','2023-05-04 17:04:27');

--
-- Table structure for table `roles`
--

CREATE TABLE `roles` (
  `id` bigint unsigned NOT NULL AUTO_INCREMENT,
  `name` varchar(150) CHARACTER SET utf8mb4 COLLATE utf8mb4_unicode_ci NOT NULL,
  `created_at` timestamp NULL DEFAULT NULL,
  `updated_at` timestamp NULL DEFAULT NULL,
  PRIMARY KEY (`id`),
  UNIQUE KEY `roles_name_unique` (`name`)
) ENGINE=InnoDB AUTO_INCREMENT=5 DEFAULT CHARSET=utf8mb4 COLLATE=utf8mb4_unicode_ci;

--
-- Dumping data for table `roles`
--

INSERT INTO `roles` VALUES (1,'admin','2023-01-17 20:00:50','2023-01-17 20:00:50'),(2,'empresa','2023-01-17 20:00:50','2023-01-17 20:00:50'),(3,'cliente','2023-01-17 20:00:50','2023-01-17 20:00:50'),(4,'Universidades','2023-05-09 21:42:43','2023-05-09 21:42:43');

--
-- Table structure for table `sos`
--

CREATE TABLE `sos` (
  `id` bigint unsigned NOT NULL AUTO_INCREMENT,
  `img` text CHARACTER SET utf8mb4 COLLATE utf8mb4_unicode_ci,
  `phone` varchar(50) CHARACTER SET utf8mb4 COLLATE utf8mb4_unicode_ci DEFAULT NULL,
  `name` varchar(200) CHARACTER SET utf8mb4 COLLATE utf8mb4_unicode_ci DEFAULT NULL,
  `descripcion` text CHARACTER SET utf8mb4 COLLATE utf8mb4_unicode_ci,
  `created_at` timestamp NULL DEFAULT NULL,
  `updated_at` timestamp NULL DEFAULT NULL,
  PRIMARY KEY (`id`)
) ENGINE=InnoDB DEFAULT CHARSET=utf8mb4 COLLATE=utf8mb4_unicode_ci;

--
-- Dumping data for table `sos`
--


--
-- Table structure for table `tracking_comerios`
--

CREATE TABLE `tracking_comerios` (
  `id` bigint unsigned NOT NULL AUTO_INCREMENT,
  `user_id` bigint unsigned DEFAULT NULL,
  `comercio_id` bigint unsigned DEFAULT NULL,
  `created_at` timestamp NULL DEFAULT NULL,
  `updated_at` timestamp NULL DEFAULT NULL,
  PRIMARY KEY (`id`),
  KEY `tracking_comerios_user_id_foreign` (`user_id`),
  KEY `tracking_comerios_comercio_id_foreign` (`comercio_id`),
  CONSTRAINT `tracking_comerios_comercio_id_foreign` FOREIGN KEY (`comercio_id`) REFERENCES `users` (`id`),
  CONSTRAINT `tracking_comerios_user_id_foreign` FOREIGN KEY (`user_id`) REFERENCES `users` (`id`)
) ENGINE=InnoDB AUTO_INCREMENT=3 DEFAULT CHARSET=utf8mb4 COLLATE=utf8mb4_unicode_ci;

--
-- Dumping data for table `tracking_comerios`
--

INSERT INTO `tracking_comerios` VALUES (1,382,48,'2023-07-18 14:52:59','2023-07-18 14:52:59'),(2,382,48,'2023-07-18 14:53:32','2023-07-18 14:53:32');

--
-- Table structure for table `universidades`
--

CREATE TABLE `universidades` (
  `id` bigint unsigned NOT NULL AUTO_INCREMENT,
  `img_array_url` text CHARACTER SET utf8mb4 COLLATE utf8mb4_unicode_ci,
  `description` text CHARACTER SET utf8mb4 COLLATE utf8mb4_unicode_ci,
  `nombre` varchar(250) CHARACTER SET utf8mb4 COLLATE utf8mb4_unicode_ci NOT NULL,
  `active` tinyint(1) NOT NULL DEFAULT '1',
  `universidad_id` bigint unsigned DEFAULT NULL,
  `link_map` text CHARACTER SET utf8mb4 COLLATE utf8mb4_unicode_ci,
  `dir` varchar(250) CHARACTER SET utf8mb4 COLLATE utf8mb4_unicode_ci NOT NULL,
  `prioridad` int NOT NULL DEFAULT '0',
  `created_at` timestamp NULL DEFAULT NULL,
  `updated_at` timestamp NULL DEFAULT NULL,
  PRIMARY KEY (`id`),
  UNIQUE KEY `universidades_nombre_unique` (`nombre`),
  KEY `universidades_universidad_id_foreign` (`universidad_id`),
  CONSTRAINT `universidades_universidad_id_foreign` FOREIGN KEY (`universidad_id`) REFERENCES `users` (`id`)
) ENGINE=InnoDB AUTO_INCREMENT=5 DEFAULT CHARSET=utf8mb4 COLLATE=utf8mb4_unicode_ci;

--
-- Dumping data for table `universidades`
--

INSERT INTO `universidades` VALUES (2,'[\"https:\\/\\/res.cloudinary.com\\/phoenix-tech-sa\\/image\\/upload\\/v1684260415\\/tarjeta_joven\\/ekvx3qnnyhrc5qeaucka.png\"]','-10 % de descuento en tu matrícula-','Ganexa',1,223,'[{\"ubication\":\"Panam\\u00e1\",\"link\":\"https:\\/\\/goo.gl\\/maps\\/6SEFNqo4YB149oD98\"}]','',1,'2023-05-16 18:06:56','2023-05-16 18:14:32'),(3,'[\"https:\\/\\/res.cloudinary.com\\/phoenix-tech-sa\\/image\\/upload\\/v1687890194\\/tarjeta_joven\\/wtunglrngmjpmlh54v7s.png\"]','-15% de descuento sobre el costo de materias en carreras Técnicas, Licenciaturas, Postgrados y Maestrías.-','ISAE UNIVERSIDAD',1,351,'[{\"ubication\":\"Panam\\u00e1\",\"link\":\"https:\\/\\/goo.gl\\/maps\\/dKqRxyLZPZrqHenV8\"}]','',2,'2023-06-27 18:23:15','2023-06-27 18:23:15'),(4,'[\"https:\\/\\/res.cloudinary.com\\/phoenix-tech-sa\\/image\\/upload\\/v1690084185\\/tarjeta_joven\\/xuq6xnmauzlgv2pifrk3.jpg\"]','--','PROM Counselors',1,396,'[{\"ubication\":\"Panam\\u00e1\",\"link\":\"https:\\/\\/goo.gl\\/maps\\/xYbtR7orqGahEpdU9\"}]','',3,'2023-07-23 03:49:47','2023-07-23 03:49:47');

--
-- Table structure for table `versionapps`
--

CREATE TABLE `versionapps` (
  `id` bigint unsigned NOT NULL AUTO_INCREMENT,
  `version` varchar(100) CHARACTER SET utf8mb4 COLLATE utf8mb4_unicode_ci NOT NULL,
  `status` int NOT NULL,
  `created_at` timestamp NULL DEFAULT NULL,
  `updated_at` timestamp NULL DEFAULT NULL,
  PRIMARY KEY (`id`)
) ENGINE=InnoDB AUTO_INCREMENT=2 DEFAULT CHARSET=utf8mb4 COLLATE=utf8mb4_unicode_ci;

--
-- Dumping data for table `versionapps`
--

INSERT INTO `versionapps` VALUES (1,'112',1,'2023-05-14 23:11:50','2023-12-19 21:35:18');


